{"id":1110,"date":"2024-02-27T18:38:32","date_gmt":"2024-02-27T18:38:32","guid":{"rendered":"https:\/\/aeccondeixa.pt\/?page_id=1110"},"modified":"2024-04-11T20:07:47","modified_gmt":"2024-04-11T20:07:47","slug":"identidade","status":"publish","type":"page","link":"https:\/\/aecondeixa.pt\/?page_id=1110","title":{"rendered":"Identidade"},"content":{"rendered":"<div class=\"\" style=\"\" >\n  \n    \n    <section class=\"u-clearfix u-section-2\" id=\"carousel_8432\">\n      <div class=\"data-layout-selected u-clearfix u-expanded-width u-gutter-0 u-layout-wrap u-layout-wrap-1\">\n        <div class=\"u-gutter-0 u-layout\">\n          <div class=\"u-layout-row\">\n            <div class=\"u-size-4 u-size-60-md\">\n              <div class=\"u-layout-col\">\n                <div class=\"u-container-style u-hidden-md u-hidden-sm u-hidden-xs u-layout-cell u-left-cell u-palette-2-base u-size-60 u-layout-cell-1\" wfd-invisible=\"true\">\n                  <div class=\"u-container-layout u-container-layout-1\"><\/div>\n                <\/div>\n              <\/div>\n            <\/div>\n            <div class=\"u-size-30 u-size-60-md\">\n              <div class=\"u-layout-col\">\n                <div class=\"u-size-30\">\n                  <div class=\"u-layout-row\">\n                    <div class=\"u-container-style u-layout-cell u-shape-rectangle u-size-60 u-white u-layout-cell-2\">\n                      <div class=\"u-container-layout u-valign-middle u-container-layout-2\">\n                        <div class=\"u-border-5 u-border-palette-2-base u-line u-line-horizontal u-line-1\"><\/div>\n                        <h2 class=\"u-align-center u-text u-text-body-color u-text-1\"><b>\n                            <span style=\"font-weight: 400;\">Identidade <\/span>\n                            <span style=\"font-weight: 400;\">\/<\/span>\n                            <span style=\"font-weight: 400;\">Hist\u00f3ria<\/span><\/b>\n                        <\/h2>\n                      <\/div>\n                    <\/div>\n                  <\/div>\n                <\/div>\n                <div class=\"u-size-30\">\n                  <div class=\"u-layout-row\">\n                    <div class=\"u-size-60\">\n                      <div class=\"u-layout-col\">\n                        <div class=\"u-align-left u-container-style u-layout-cell u-size-60 u-white u-layout-cell-3\">\n                          <div class=\"u-container-layout u-container-layout-3\">\n                            <p class=\"u-text u-text-2\"> O Agrupamento de Escolas de Condeixa-a-Nova (AEC), criado em agosto de\n2010, resultou da reestrutura\u00e7\u00e3o de duas unidades org\u00e2nicas: o anterior\nAgrupamento de Escolas de Condeixa-a-Nova e a Escola Secund\u00e1ria Fernando\nNamora.&nbsp;<br>\n                              <br>Re\u00fane os doze\nestabelecimentos de educa\u00e7\u00e3o e ensino p\u00fablicos do concelho de Condeixa-a-Nova:\n                            <\/p>\n                          <\/div>\n                        <\/div>\n                      <\/div>\n                    <\/div>\n                  <\/div>\n                <\/div>\n              <\/div>\n            <\/div>\n            <div class=\"u-size-26 u-size-60-md\">\n              <div class=\"u-layout-col\">\n                <div class=\"u-align-right u-container-style u-image u-layout-cell u-right-cell u-size-60 u-image-1\" data-image-width=\"1200\" data-image-height=\"801\" style=\"background-image: url(&quot;https:\/\/aecondeixa.pt\/wp-content\/uploads\/2024\/02\/ruinas.jpg&quot;);\">\n                  <div class=\"u-container-layout u-container-layout-4\"><\/div>\n                <\/div>\n              <\/div>\n            <\/div>\n          <\/div>\n        <\/div>\n      <\/div>\n    <\/section>\n    <section class=\"u-clearfix u-grey-5 u-section-3\" id=\"sec-56c0\">\n      <div class=\"u-clearfix u-sheet u-sheet-1\">\n        <h2 class=\"u-align-center u-text u-text-1\">Organigrama<\/h2>\n      <\/div>\n    <\/section>\n    <section class=\"u-clearfix u-grey-5 u-section-4\" id=\"carousel_db55\">\n      <div class=\"u-clearfix u-sheet u-valign-middle-lg u-valign-middle-md u-valign-middle-sm u-valign-middle-xs u-sheet-1\">\n        <img decoding=\"async\" class=\"u-expanded-width u-image u-image-contain u-image-1\" src=\"https:\/\/aecondeixa.pt\/wp-content\/uploads\/2024\/02\/Organigrama.jpg\" data-image-width=\"1025\" data-image-height=\"847\">\n      <\/div>\n    <\/section>\n    <section class=\"u-clearfix u-grey-5 u-section-5\" id=\"carousel_8c72\">\n      <div class=\"u-clearfix u-sheet u-sheet-1\">\n        <h2 class=\"u-align-center u-text u-text-1\">Composi\u00e7\u00e3o do Agrupamento <\/h2>\n        <p class=\"u-align-left u-text u-text-2\"> Os estabelecimentos de ensino que\ncomp\u00f5em este Agrupamento apresentam uma dispers\u00e3o geogr\u00e1fica relativamente\npr\u00f3xima, sendo que as unidades que se encontram mais afastadas n\u00e3o ultrapassam\nos 6 Km de dist\u00e2ncia e t\u00eam como denominador comum o facto de serem escolas com\nalgum pendor rural, dado os alunos que a comp\u00f5em provirem, na sua maioria, das\naldeias envolventes do concelho.&nbsp;<br>\n          <br>\u00c0s escolas da vila convergem discentes\ncujas fam\u00edlias pertencem ao setor do com\u00e9rcio, servi\u00e7os e ind\u00fastria local.&nbsp; A\ndispers\u00e3o geogr\u00e1fica n\u00e3o cria dificuldades na procura de uma identidade e de\numa unidade, pois estes dois valores constroem-se em dois n\u00edveis: por um lado,\na identidade de cada escola e, por outro lado, a sua unidade com o comungar da\nmesma miss\u00e3o, dos mesmos objetivos na educa\u00e7\u00e3o\/ forma\u00e7\u00e3o dos alunos, na postura\nde empenho, na vontade de formar alunos de esp\u00edrito aberto, com um elevado\nsentido de responsabilidade, um car\u00e1ter de elevado sentido \u00e9tico, a par de um\ns\u00f3lido conjunto de conhecimentos e de compet\u00eancias pr\u00e1ticas que lhes permita a\nintegra\u00e7\u00e3o e o sucesso, enquanto alunos e cidad\u00e3os.<br>&nbsp; &nbsp;<br>Constatam-se diferentes estados de\nconserva\u00e7\u00e3o e de disponibiliza\u00e7\u00e3o de equipamentos e recursos entre as\ndiferentes escolas que integram o Agrupamento, tendo em mente a constru\u00e7\u00e3o mais\nrecente, enquanto as mais antigas evidenciam sinais de degrada\u00e7\u00e3o\narquitet\u00f3nica, sem colocar, no entanto, em risco a seguran\u00e7a dos espa\u00e7os.\nMalgrado a necessidade de moderniza\u00e7\u00e3o das instala\u00e7\u00f5es e equipamentos, todos os\nestabelecimentos apresentam condi\u00e7\u00f5es adequadas para os fins a que se destinam.\n(in Projeto Educativo 2020-2024).&nbsp;<br>\n          <br>Desde o ano letivo de 2022\/ 2023 que\no Agrupamento conta com tr\u00eas val\u00eancias de apoio especializado: uma na Escola\nB\u00e1sica n.\u00ba 2, para a multidefici\u00eancia, e duas na Escola B\u00e1sica n.\u00ba 3, uma para\na multidefici\u00eancia e a outra para o ensino estruturado.\nA popula\u00e7\u00e3o escolar tem vindo a\naumentar nos \u00faltimos cinco anos- para isso tem contribu\u00eddo a crescente\nintegra\u00e7\u00e3o de alunos migrantes, mas tamb\u00e9m a fixa\u00e7\u00e3o de popula\u00e7\u00e3o nas \u00e1reas\nresidenciais mais recentes da vila.\n        <\/p>\n      <\/div>\n    <\/section>\n    <section class=\"u-clearfix u-section-6\" id=\"carousel_9fd3\">\n      <div class=\"u-clearfix u-sheet u-valign-middle-xs u-sheet-1\">\n        <h2 class=\"u-align-center u-text u-text-default-lg u-text-default-md u-text-default-sm u-text-default-xl u-text-1\"> No\npresente ano letivo (2023-2024), s\u00e3o estes os n\u00fameros do Agrupamento<\/h2>\n        <img decoding=\"async\" class=\"u-expanded-width u-image u-image-contain u-image-default u-image-1\" src=\"https:\/\/aecondeixa.pt\/wp-content\/uploads\/2024\/02\/Caraterizacao_Populacao.png\" alt=\"\" data-image-width=\"928\" data-image-height=\"257\">\n      <\/div>\n    <\/section>\n    <section class=\"u-clearfix u-grey-5 u-section-7\" id=\"carousel_188d\">\n      <div class=\"u-clearfix u-sheet u-sheet-1\">\n        <h2 class=\"u-align-center u-text u-text-1\">Caracteriza\u00e7\u00e3o do meio<\/h2>\n        <p class=\"u-align-left u-text u-text-2\"> Condeixa-a-Nova \u00e9 uma vila, sede do\nconcelho com o mesmo nome, e localiza-se no distrito de Coimbra, integrando a\nRegi\u00e3o Centro. &nbsp;O munic\u00edpio \u00e9 limitado a\nnorte pelo munic\u00edpio de Coimbra, a leste por Miranda do Corvo, a sueste por\nPenela, a sudoeste e oeste por Soure e a noroeste por Montemor-o-Velho.\nA posi\u00e7\u00e3o central do\nconcelho, relativamente ao distrito e \u00e0 proximidade \u00e0 sede de distrito\n(Coimbra, 12km), vem conferir a Condeixa-a-Nova caracter\u00edsticas vocacionadas\npara a forma\u00e7\u00e3o de uma nova centralidade urbana, na designada \u00c1rea\nMetropolitana de Coimbra.&nbsp;<br>\n          <br>\u00c9 um munic\u00edpio que\napresenta uma componente serrana, onde predomina a agricultura de subsist\u00eancia\ne uma outra mais plana, em que a atividade agr\u00edcola \u00e9 bastante mais rent\u00e1vel.\nApesar de ser um munic\u00edpio em que a popula\u00e7\u00e3o se dedica principalmente \u00e0\nagricultura, come\u00e7am a implantar-se algumas industrias, resultantes certamente\nda sua localiza\u00e7\u00e3o estrat\u00e9gica.&nbsp;<br>\n          <br>\u00c9 neste munic\u00edpio\nque est\u00e3o localizadas as Ru\u00ednas de Con\u00edmbriga, cujo Museu Monogr\u00e1fico constitui\num p\u00f3lo de grande interesse tur\u00edstico e de investiga\u00e7\u00e3o hist\u00f3rica.&nbsp;<br>\n          <br>Quanto \u00e0 atividade\nsociocultural, h\u00e1 a destacar, entre outras, a Casa Museu Fernando Namora, o\nMuseu PO.RO.S, a Funda\u00e7\u00e3o de Condeixa e muitas associa\u00e7\u00f5es espalhadas um pouco\npor todo o munic\u00edpio.\nA beleza\npaisag\u00edstica do concelho permite tamb\u00e9m apontar v\u00e1rios locais de interesse a\nquem o queira visitar, tais como os fen\u00f3menos geol\u00f3gicos <i>lapi\u00e1s<\/i>&nbsp;ou\nas&nbsp;Buracas do Casmilo, assim a\nReserva Natural do&nbsp;Paul de Arzila, um verdadeiro\nsantu\u00e1rio de vida natural.&nbsp;<br>\n          <br>O patrim\u00f3nio\nedificado, como os in\u00fameros pal\u00e1cios que atestam a fidalguia de Condeixa,\nconstitui outro dos grandes atrativos deste concelho. Alguns deles foram\ntransformados em unidades hoteleiras, como a Pousada de Condeixa ou o Pa\u00e7o da\nEga.\n        <\/p>\n        <img decoding=\"async\" class=\"u-image u-image-default u-image-1\" src=\"https:\/\/aecondeixa.pt\/wp-content\/uploads\/2024\/04\/assinatura.jpg\" alt=\"\" data-image-width=\"305\" data-image-height=\"94\">\n        <h6 class=\"u-align-left u-text u-text-3\">O Diretor<\/h6>\n      <\/div>\n    <\/section>\n    \n    \n    \n  \n<\/div>","protected":false},"excerpt":{"rendered":"<p>Identidade \/ Hist\u00f3ria O Agrupamento de Escolas de Condeixa-a-Nova (AEC), criado em agosto de 2010, resultou da reestrutura\u00e7\u00e3o de duas [&hellip;]<\/p>\n","protected":false},"author":1,"featured_media":0,"parent":0,"menu_order":0,"comment_status":"closed","ping_status":"closed","template":"","meta":{"site-sidebar-layout":"default","site-content-layout":"","ast-site-content-layout":"default","site-content-style":"default","site-sidebar-style":"default","ast-global-header-display":"","ast-banner-title-visibility":"","ast-main-header-display":"","ast-hfb-above-header-display":"","ast-hfb-below-header-display":"","ast-hfb-mobile-header-display":"","site-post-title":"","ast-breadcrumbs-content":"","ast-featured-img":"","footer-sml-layout":"","ast-disable-related-posts":"","theme-transparent-header-meta":"","adv-header-id-meta":"","stick-header-meta":"","header-above-stick-meta":"","header-main-stick-meta":"","header-below-stick-meta":"","astra-migrate-meta-layouts":"default","ast-page-background-enabled":"default","ast-page-background-meta":{"desktop":{"background-color":"var(--ast-global-color-4)","background-image":"","background-repeat":"repeat","background-position":"center center","background-size":"auto","background-attachment":"scroll","background-type":"","background-media":"","overlay-type":"","overlay-color":"","overlay-opacity":"","overlay-gradient":""},"tablet":{"background-color":"","background-image":"","background-repeat":"repeat","background-position":"center center","background-size":"auto","background-attachment":"scroll","background-type":"","background-media":"","overlay-type":"","overlay-color":"","overlay-opacity":"","overlay-gradient":""},"mobile":{"background-color":"","background-image":"","background-repeat":"repeat","background-position":"center center","background-size":"auto","background-attachment":"scroll","background-type":"","background-media":"","overlay-type":"","overlay-color":"","overlay-opacity":"","overlay-gradient":""}},"ast-content-background-meta":{"desktop":{"background-color":"var(--ast-global-color-5)","background-image":"","background-repeat":"repeat","background-position":"center center","background-size":"auto","background-attachment":"scroll","background-type":"","background-media":"","overlay-type":"","overlay-color":"","overlay-opacity":"","overlay-gradient":""},"tablet":{"background-color":"var(--ast-global-color-5)","background-image":"","background-repeat":"repeat","background-position":"center center","background-size":"auto","background-attachment":"scroll","background-type":"","background-media":"","overlay-type":"","overlay-color":"","overlay-opacity":"","overlay-gradient":""},"mobile":{"background-color":"var(--ast-global-color-5)","background-image":"","background-repeat":"repeat","background-position":"center center","background-size":"auto","background-attachment":"scroll","background-type":"","background-media":"","overlay-type":"","overlay-color":"","overlay-opacity":"","overlay-gradient":""}},"footnotes":""},"class_list":["post-1110","page","type-page","status-publish","hentry"],"_links":{"self":[{"href":"https:\/\/aecondeixa.pt\/index.php?rest_route=\/wp\/v2\/pages\/1110","targetHints":{"allow":["GET"]}}],"collection":[{"href":"https:\/\/aecondeixa.pt\/index.php?rest_route=\/wp\/v2\/pages"}],"about":[{"href":"https:\/\/aecondeixa.pt\/index.php?rest_route=\/wp\/v2\/types\/page"}],"author":[{"embeddable":true,"href":"https:\/\/aecondeixa.pt\/index.php?rest_route=\/wp\/v2\/users\/1"}],"replies":[{"embeddable":true,"href":"https:\/\/aecondeixa.pt\/index.php?rest_route=%2Fwp%2Fv2%2Fcomments&post=1110"}],"version-history":[{"count":6,"href":"https:\/\/aecondeixa.pt\/index.php?rest_route=\/wp\/v2\/pages\/1110\/revisions"}],"predecessor-version":[{"id":1702,"href":"https:\/\/aecondeixa.pt\/index.php?rest_route=\/wp\/v2\/pages\/1110\/revisions\/1702"}],"wp:attachment":[{"href":"https:\/\/aecondeixa.pt\/index.php?rest_route=%2Fwp%2Fv2%2Fmedia&parent=1110"}],"curies":[{"name":"wp","href":"https:\/\/api.w.org\/{rel}","templated":true}]}}

<div class="" style="" >
  
    
    <section class="u-clearfix u-section-2" id="carousel_8432">
      <div class="data-layout-selected u-clearfix u-expanded-width u-gutter-0 u-layout-wrap u-layout-wrap-1">
        <div class="u-gutter-0 u-layout">
          <div class="u-layout-row">
            <div class="u-size-4 u-size-60-md">
              <div class="u-layout-col">
                <div class="u-container-style u-hidden-md u-hidden-sm u-hidden-xs u-layout-cell u-left-cell u-palette-2-base u-size-60 u-layout-cell-1" wfd-invisible="true">
                  <div class="u-container-layout u-container-layout-1"></div>
                </div>
              </div>
            </div>
            <div class="u-size-30 u-size-60-md">
              <div class="u-layout-col">
                <div class="u-size-30">
                  <div class="u-layout-row">
                    <div class="u-container-style u-layout-cell u-shape-rectangle u-size-60 u-white u-layout-cell-2">
                      <div class="u-container-layout u-valign-middle u-container-layout-2">
                        <div class="u-border-5 u-border-palette-2-base u-line u-line-horizontal u-line-1"></div>
                        <h2 class="u-align-center u-text u-text-body-color u-text-1"><b>
                            <span style="font-weight: 400;">Identidade </span>
                            <span style="font-weight: 400;">/</span>
                            <span style="font-weight: 400;">História</span></b>
                        </h2>
                      </div>
                    </div>
                  </div>
                </div>
                <div class="u-size-30">
                  <div class="u-layout-row">
                    <div class="u-size-60">
                      <div class="u-layout-col">
                        <div class="u-align-left u-container-style u-layout-cell u-size-60 u-white u-layout-cell-3">
                          <div class="u-container-layout u-container-layout-3">
                            <p class="u-text u-text-2"> O Agrupamento de Escolas de Condeixa-a-Nova (AEC), criado em agosto de
2010, resultou da reestruturação de duas unidades orgânicas: o anterior
Agrupamento de Escolas de Condeixa-a-Nova e a Escola Secundária Fernando
Namora.&nbsp;<br>
                              <br>Reúne os doze
estabelecimentos de educação e ensino públicos do concelho de Condeixa-a-Nova:
                            </p>
                          </div>
                        </div>
                      </div>
                    </div>
                  </div>
                </div>
              </div>
            </div>
            <div class="u-size-26 u-size-60-md">
              <div class="u-layout-col">
                <div class="u-align-right u-container-style u-image u-layout-cell u-right-cell u-size-60 u-image-1" data-image-width="1200" data-image-height="801" style="background-image: url(&quot;https://aecondeixa.pt/wp-content/uploads/2024/02/ruinas.jpg&quot;);">
                  <div class="u-container-layout u-container-layout-4"></div>
                </div>
              </div>
            </div>
          </div>
        </div>
      </div>
    </section>
    <section class="u-clearfix u-grey-5 u-section-3" id="sec-56c0">
      <div class="u-clearfix u-sheet u-sheet-1">
        <h2 class="u-align-center u-text u-text-1">Organigrama</h2>
      </div>
    </section>
    <section class="u-clearfix u-grey-5 u-section-4" id="carousel_db55">
      <div class="u-clearfix u-sheet u-valign-middle-lg u-valign-middle-md u-valign-middle-sm u-valign-middle-xs u-sheet-1">
        <img decoding="async" class="u-expanded-width u-image u-image-contain u-image-1" src="https://aecondeixa.pt/wp-content/uploads/2024/02/Organigrama.jpg" data-image-width="1025" data-image-height="847">
      </div>
    </section>
    <section class="u-clearfix u-grey-5 u-section-5" id="carousel_8c72">
      <div class="u-clearfix u-sheet u-sheet-1">
        <h2 class="u-align-center u-text u-text-1">Composição do Agrupamento </h2>
        <p class="u-align-left u-text u-text-2"> Os estabelecimentos de ensino que
compõem este Agrupamento apresentam uma dispersão geográfica relativamente
próxima, sendo que as unidades que se encontram mais afastadas não ultrapassam
os 6 Km de distância e têm como denominador comum o facto de serem escolas com
algum pendor rural, dado os alunos que a compõem provirem, na sua maioria, das
aldeias envolventes do concelho.&nbsp;<br>
          <br>Às escolas da vila convergem discentes
cujas famílias pertencem ao setor do comércio, serviços e indústria local.&nbsp; A
dispersão geográfica não cria dificuldades na procura de uma identidade e de
uma unidade, pois estes dois valores constroem-se em dois níveis: por um lado,
a identidade de cada escola e, por outro lado, a sua unidade com o comungar da
mesma missão, dos mesmos objetivos na educação/ formação dos alunos, na postura
de empenho, na vontade de formar alunos de espírito aberto, com um elevado
sentido de responsabilidade, um caráter de elevado sentido ético, a par de um
sólido conjunto de conhecimentos e de competências práticas que lhes permita a
integração e o sucesso, enquanto alunos e cidadãos.<br>&nbsp; &nbsp;<br>Constatam-se diferentes estados de
conservação e de disponibilização de equipamentos e recursos entre as
diferentes escolas que integram o Agrupamento, tendo em mente a construção mais
recente, enquanto as mais antigas evidenciam sinais de degradação
arquitetónica, sem colocar, no entanto, em risco a segurança dos espaços.
Malgrado a necessidade de modernização das instalações e equipamentos, todos os
estabelecimentos apresentam condições adequadas para os fins a que se destinam.
(in Projeto Educativo 2020-2024).&nbsp;<br>
          <br>Desde o ano letivo de 2022/ 2023 que
o Agrupamento conta com três valências de apoio especializado: uma na Escola
Básica n.º 2, para a multideficiência, e duas na Escola Básica n.º 3, uma para
a multideficiência e a outra para o ensino estruturado.
A população escolar tem vindo a
aumentar nos últimos cinco anos- para isso tem contribuído a crescente
integração de alunos migrantes, mas também a fixação de população nas áreas
residenciais mais recentes da vila.
        </p>
      </div>
    </section>
    <section class="u-clearfix u-section-6" id="carousel_9fd3">
      <div class="u-clearfix u-sheet u-valign-middle-xs u-sheet-1">
        <h2 class="u-align-center u-text u-text-default-lg u-text-default-md u-text-default-sm u-text-default-xl u-text-1"> No
presente ano letivo (2023-2024), são estes os números do Agrupamento</h2>
        <img decoding="async" class="u-expanded-width u-image u-image-contain u-image-default u-image-1" src="https://aecondeixa.pt/wp-content/uploads/2024/02/Caraterizacao_Populacao.png" alt="" data-image-width="928" data-image-height="257">
      </div>
    </section>
    <section class="u-clearfix u-grey-5 u-section-7" id="carousel_188d">
      <div class="u-clearfix u-sheet u-sheet-1">
        <h2 class="u-align-center u-text u-text-1">Caracterização do meio</h2>
        <p class="u-align-left u-text u-text-2"> Condeixa-a-Nova é uma vila, sede do
concelho com o mesmo nome, e localiza-se no distrito de Coimbra, integrando a
Região Centro. &nbsp;O município é limitado a
norte pelo município de Coimbra, a leste por Miranda do Corvo, a sueste por
Penela, a sudoeste e oeste por Soure e a noroeste por Montemor-o-Velho.
A posição central do
concelho, relativamente ao distrito e à proximidade à sede de distrito
(Coimbra, 12km), vem conferir a Condeixa-a-Nova características vocacionadas
para a formação de uma nova centralidade urbana, na designada Área
Metropolitana de Coimbra.&nbsp;<br>
          <br>É um município que
apresenta uma componente serrana, onde predomina a agricultura de subsistência
e uma outra mais plana, em que a atividade agrícola é bastante mais rentável.
Apesar de ser um município em que a população se dedica principalmente à
agricultura, começam a implantar-se algumas industrias, resultantes certamente
da sua localização estratégica.&nbsp;<br>
          <br>É neste município
que estão localizadas as Ruínas de Conímbriga, cujo Museu Monográfico constitui
um pólo de grande interesse turístico e de investigação histórica.&nbsp;<br>
          <br>Quanto à atividade
sociocultural, há a destacar, entre outras, a Casa Museu Fernando Namora, o
Museu PO.RO.S, a Fundação de Condeixa e muitas associações espalhadas um pouco
por todo o município.
A beleza
paisagística do concelho permite também apontar vários locais de interesse a
quem o queira visitar, tais como os fenómenos geológicos <i>lapiás</i>&nbsp;ou
as&nbsp;Buracas do Casmilo, assim a
Reserva Natural do&nbsp;Paul de Arzila, um verdadeiro
santuário de vida natural.&nbsp;<br>
          <br>O património
edificado, como os inúmeros palácios que atestam a fidalguia de Condeixa,
constitui outro dos grandes atrativos deste concelho. Alguns deles foram
transformados em unidades hoteleiras, como a Pousada de Condeixa ou o Paço da
Ega.
        </p>
        <img decoding="async" class="u-image u-image-default u-image-1" src="https://aecondeixa.pt/wp-content/uploads/2024/04/assinatura.jpg" alt="" data-image-width="305" data-image-height="94">
        <h6 class="u-align-left u-text u-text-3">O Diretor</h6>
      </div>
    </section>
    
    
    
  
</div>

<p>Identidade / História O Agrupamento de Escolas de Condeixa-a-Nova (AEC), criado em agosto de 2010, resultou da reestruturação de duas [&hellip;]</p>
