{"id":1553,"date":"2024-04-05T11:46:51","date_gmt":"2024-04-05T11:46:51","guid":{"rendered":"https:\/\/aeccondeixa.pt\/?page_id=1553"},"modified":"2025-05-29T10:15:01","modified_gmt":"2025-05-29T10:15:01","slug":"oferta-formativa","status":"publish","type":"page","link":"https:\/\/aecondeixa.pt\/?page_id=1553","title":{"rendered":"Oferta Formativa_original"},"content":{"rendered":"<div class=\"\" style=\"\" >\n  \n    \n    <section class=\"u-clearfix u-image u-section-2\" id=\"carousel_b6d5\" style=\"background-image: url(&quot;https:\/\/aecondeixa.pt\/wp-content\/uploads\/2024\/04\/e4.jpg&quot;);\">\n      <div class=\"data-layout-selected u-clearfix u-layout-wrap u-layout-wrap-1\">\n        <div class=\"u-layout\">\n          <div class=\"u-layout-row\">\n            <div class=\"u-container-style u-layout-cell u-left-cell u-size-29 u-layout-cell-1\">\n              <div class=\"u-container-layout u-valign-middle u-container-layout-1\">\n                <h5 class=\"u-align-left u-custom-font u-font-pt-sans u-text u-text-1\"> INFORMA\u00c7\u00f5es SOBRE<\/h5>\n                <h1 class=\"u-align-left u-custom-font u-font-roboto-condensed u-text u-text-palette-4-base u-text-2\"> OFERTA FORMATIVA 2025-2026<br>\n                <\/h1>\n                <p class=\"u-align-left u-text u-text-3\">Encontre aqui todas as informa\u00e7\u00f5es sobre a nossa oferta formativa para 2025-2026<\/p>\n                <a href=\"#Oferta_Disponivel\" class=\"u-border-radius-0 u-btn u-btn-rectangle u-button-style u-custom-font u-font-oswald u-hover-palette-4-base u-palette-3-base u-btn-1\">LER MAIS <\/a>\n              <\/div>\n            <\/div>\n            <div class=\"u-align-right u-container-align-right u-container-style u-image u-layout-cell u-right-cell u-size-31 u-image-1\" style=\"background-image: url(&quot;https:\/\/aecondeixa.pt\/wp-content\/uploads\/2024\/04\/xx-min.jpg&quot;);\">\n              <div class=\"u-container-layout u-container-layout-2\"><\/div>\n            <\/div>\n          <\/div>\n        <\/div>\n      <\/div>\n    <\/section>\n    <section class=\"u-align-center u-clearfix u-container-align-center u-white u-section-3\" id=\"Oferta_Disponivel\">\n      \n      \n      \n      \n      \n      \n      \n      \n      \n      \n      \n      \n      \n      \n      \n      \n      \n      \n      <div class=\"u-clearfix u-sheet u-sheet-1\">\n        <h2 class=\"u-align-center u-text u-text-default u-text-1\" data-animation-name=\"customAnimationIn\" data-animation-duration=\"1500\" data-animation-delay=\"0\"> Verifique a Nossa Oferta<\/h2>\n        <div class=\"u-expanded-width u-list u-list-1\">\n          <div class=\"u-repeater u-repeater-1\">\n            <div class=\"u-align-center u-container-align-center u-container-style u-list-item u-repeater-item u-shape-rectangle u-list-item-1\" data-animation-name=\"customAnimationIn\" data-animation-duration=\"1500\" data-animation-delay=\"500\">\n              <div class=\"u-container-layout u-similar-container u-container-layout-1\">\n                <img decoding=\"async\" class=\"custom-expanded u-image u-image-1\" src=\"https:\/\/aecondeixa.pt\/wp-content\/uploads\/2024\/04\/biblioteca_alunos1.png\" data-image-width=\"1280\" data-image-height=\"743\" data-animation-name=\"customAnimationIn\" data-animation-duration=\"1000\" data-animation-delay=\"0\">\n                <div class=\"u-container-style u-expanded-width u-group u-palette-2-base u-group-1\" data-animation-name=\"customAnimationIn\" data-animation-duration=\"1000\" data-animation-delay=\"0\">\n                  <div class=\"u-container-layout u-container-layout-2\">\n                    <h3 class=\"u-align-left u-text u-text-2\"> ENSINO B\u00c1SICO - 7.\u00ba ANO<\/h3>\n                    <p class=\"u-align-left u-text u-text-body-alt-color u-text-3\"> L\u00edngua estrangeira II&nbsp;<br>Complemento \u00e0&nbsp;Educa\u00e7\u00e3o Art\u00edstica\n                    <\/p>\n                  <\/div>\n                <\/div>\n              <\/div>\n            <\/div>\n            <div class=\"u-align-center u-container-align-center u-container-style u-list-item u-repeater-item u-shape-rectangle u-list-item-2\" data-animation-name=\"customAnimationIn\" data-animation-duration=\"1500\" data-animation-delay=\"500\">\n              <div class=\"u-container-layout u-similar-container u-container-layout-3\">\n                <img decoding=\"async\" class=\"custom-expanded u-image u-image-2\" src=\"https:\/\/aecondeixa.pt\/wp-content\/uploads\/2024\/04\/42202ac7e0dc0b5a0433abbbd6638794b1b5d25cfb853f7bf7e37da551a69409d0cb91232a89716673ed12016a794dadf6fde042264651842d0d78_1280.jpg\" data-image-width=\"1280\" data-image-height=\"854\" data-animation-name=\"customAnimationIn\" data-animation-duration=\"1000\">\n                <div class=\"u-container-style u-expanded-width u-group u-palette-2-base u-group-2\" data-animation-name=\"customAnimationIn\" data-animation-duration=\"1000\" data-animation-delay=\"0\">\n                  <div class=\"u-container-layout u-container-layout-4\">\n                    <h3 class=\"u-align-left u-text u-text-4\"> ENSINO SECUND\u00c1RIO<\/h3>\n                    <p class=\"u-align-left u-text u-text-body-alt-color u-text-5\"> Ci\u00eancias e Tecnologias<br> Ci\u00eancias S\u00f3cio-Econ\u00f3micas<br>L\u00ednguas e Humanidades<br>\n                    <\/p>\n                  <\/div>\n                <\/div>\n              <\/div>\n            <\/div>\n            <div class=\"u-align-center u-container-align-center u-container-style u-list-item u-repeater-item u-shape-rectangle u-list-item-3\" data-animation-name=\"customAnimationIn\" data-animation-duration=\"1500\" data-animation-delay=\"500\">\n              <div class=\"u-container-layout u-similar-container u-container-layout-5\">\n                <img decoding=\"async\" class=\"custom-expanded u-image u-image-3\" src=\"https:\/\/aecondeixa.pt\/wp-content\/uploads\/2024\/04\/4rwa43.jpg\" data-image-width=\"800\" data-image-height=\"800\" data-animation-name=\"customAnimationIn\" data-animation-duration=\"1000\">\n                <div class=\"u-container-style u-expanded-width u-group u-palette-2-base u-group-3\" data-animation-name=\"customAnimationIn\" data-animation-duration=\"1000\" data-animation-delay=\"0\">\n                  <div class=\"u-container-layout u-container-layout-6\">\n                    <h3 class=\"u-align-left u-text u-text-6\"> CURSOS PROFISSIONAIS<\/h3>\n                    <p class=\"u-align-left u-text u-text-body-alt-color u-text-7\"> T\u00e9cnico (a) de Electr\u00f3nica, Automa\u00e7\u00e3o e Comando -&nbsp;\u200bT\u00e9cnico (a) Auxiliar de Sa\u00fade<br> T\u00e9cnico (a) de Informa\u00e7\u00e3o e Anima\u00e7\u00e3o Tur\u00edstica -&nbsp;\u200bT\u00e9cnico (a) de Redes El\u00e9tricas ...<br>\n                    <\/p>\n                  <\/div>\n                <\/div>\n              <\/div>\n            <\/div>\n          <\/div>\n        <\/div>\n      <\/div>\n    <\/section>\n    <section class=\"u-align-center u-clearfix u-container-align-center u-grey-5 u-section-4\" id=\"sec-08b1\">\n      <div class=\"u-clearfix u-sheet u-valign-middle u-sheet-1\">\n        <a href=\"https:\/\/aecondeixa.pt\/wp-content\/uploads\/2025\/05\/Oferta_Formativa_AEC_20252026.pdf\" class=\"u-active-palette-2-base u-border-none u-btn u-btn-rectangle u-button-style u-color-scheme-summer-time u-file-link u-hover-palette-2-light-1 u-palette-2-base u-radius-0 u-btn-1\" target=\"_blank\">Ler mais<\/a>\n      <\/div>\n    <\/section>\n    <section class=\"u-clearfix u-container-align-center-sm u-container-align-center-xs u-section-5\" id=\"carousel_1fbc\">\n      <div class=\"u-clearfix u-sheet u-sheet-1\">\n        <h1 class=\"u-align-left u-text u-text-1\"> CAMPANHA\nDE ENSINO<br> E FORMA\u00c7\u00c3O PROFISSIONAL<br>em Redes Sociais\n        <\/h1>\n        <div class=\"data-layout-selected u-clearfix u-expanded-width u-gutter-10 u-layout-wrap u-layout-wrap-1\">\n          <div class=\"u-layout\">\n            <div class=\"u-layout-row\">\n              <div class=\"u-container-style u-image u-layout-cell u-radius u-shape-round u-size-15 u-image-1\" data-image-width=\"429\" data-image-height=\"725\" style=\"background-image: url(&quot;https:\/\/aecondeixa.pt\/wp-content\/uploads\/2024\/10\/Imagem4.png&quot;);\">\n                <div class=\"u-container-layout u-container-layout-1\">\n                  <a href=\"https:\/\/drive.google.com\/file\/d\/1KCIP2uHDOb9wSdbu2hpQf_HB0jBXzQyF\/view\" class=\"u-btn u-button-style u-hover-palette-1-dark-1 u-palette-1-base u-btn-1\" target=\"_blank\">Ver <\/a>\n                <\/div>\n              <\/div>\n              <div class=\"u-container-style u-image u-layout-cell u-size-15 u-image-2\" data-image-width=\"677\" data-image-height=\"677\" style=\"background-image: url(&quot;https:\/\/aecondeixa.pt\/wp-content\/uploads\/2024\/10\/Imagem1.jpg&quot;);\">\n                <div class=\"u-container-layout u-container-layout-2\"><\/div>\n              <\/div>\n              <div class=\"u-container-align-center u-container-style u-image u-layout-cell u-radius u-size-15 u-image-3\" data-image-width=\"699\" data-image-height=\"699\" style=\"background-image: url(&quot;https:\/\/aecondeixa.pt\/wp-content\/uploads\/2024\/10\/Imagem2.jpg&quot;);\">\n                <div class=\"u-container-layout u-container-layout-3\"><\/div>\n              <\/div>\n              <div class=\"u-container-style u-image u-layout-cell u-size-15 u-image-4\" data-image-width=\"716\" data-image-height=\"716\" style=\"background-image: url(&quot;https:\/\/aecondeixa.pt\/wp-content\/uploads\/2024\/10\/Imagem3.jpg&quot;);\">\n                <div class=\"u-container-layout u-container-layout-4\"><\/div>\n              <\/div>\n            <\/div>\n          <\/div>\n        <\/div>\n        <a href=\"https:\/\/aecondeixa.pt\/wp-content\/uploads\/2025\/03\/Publicacoes_da_Campanha_31_outubro_4_novembro.pdf\" class=\"u-btn u-button-style u-file-link u-hover-palette-1-dark-1 u-palette-1-base u-btn-2\" target=\"_blank\">Ler mais <\/a>\n        <div class=\"u-border-3 u-border-grey-dark-1 u-line u-line-horizontal u-line-1\"><\/div>\n      <\/div>\n    <\/section>\n    <section class=\"u-clearfix u-container-align-center-sm u-container-align-center-xs u-section-6\" id=\"carousel_cf94\">\n      <div class=\"u-clearfix u-sheet u-sheet-1\">\n        <h1 class=\"u-align-left u-text u-text-1\"> Conhece as \u00e1reas do ensino e forma\u00e7\u00e3o profissional que vais poder ver em a\u00e7\u00e3o, de <span style=\"font-weight: 700;\">13 a 15 de novembro<\/span>, no Europarque, durante a 46\u00aa edi\u00e7\u00e3o do Campeonato Nacional das Profiss\u00f5es | SkillsPortugal Norte 2024\n        <\/h1>\n        <div class=\"u-countdown u-countdown-1\" data-timer-id=\"2.0000000000000003e+71\" data-type=\"to-date\" data-target-date=\"Wed, 13 Nov 2024 09:00:45 GMT\" data-for=\"everyone\" data-direction=\"down\" data-time-left=\"750m\" data-target-number=\"100\" data-start-time=\"Tue Jan 07 2025 17:23:22 GMT+0000 (Hor\u00e1rio Padr\u00e3o da Europa Ocidental)\" data-frequency=\"1s\" data-after-count=\"none\" data-redirect-url=\"https:\/\/\">\n          <div class=\"u-countdown-wrapper u-spacing-20\">\n            <div class=\"u-countdown-item u-countdown-years u-hidden u-spacing-10\">\n              <div class=\"u-countdown-counter u-countdown-counter-1\"><div class=\"u-countdown-number\">0<\/div><div class=\"u-countdown-number u-hidden\">0<\/div><\/div>\n              <div class=\"u-countdown-label u-countdown-label-1\">Years<\/div>\n            <\/div>\n            <div class=\"u-countdown-separator u-hidden u-countdown-separator-1\">:<\/div>\n            <div class=\"u-countdown-days u-countdown-item u-spacing-10\">\n              <div class=\"u-countdown-counter u-countdown-counter-2\"><div class=\"u-countdown-number\">6<\/div><div class=\"u-countdown-number u-hidden\">6<\/div><div class=\"u-countdown-number u-hidden\">0<\/div><\/div>\n              <div class=\"u-countdown-label u-countdown-label-2\">Days<\/div>\n            <\/div>\n            <div class=\"u-countdown-separator u-countdown-separator-2\">:<\/div>\n            <div class=\"u-countdown-hours u-countdown-item u-spacing-10\">\n              <div class=\"u-countdown-counter u-countdown-counter-3\"><div class=\"u-countdown-number\">1<\/div><div class=\"u-countdown-number\">5<\/div><\/div>\n              <div class=\"u-countdown-label u-countdown-label-3\">Hours<\/div>\n            <\/div>\n            <div class=\"u-countdown-separator u-countdown-separator-3\">:<\/div>\n            <div class=\"u-countdown-item u-countdown-minutes u-spacing-10\">\n              <div class=\"u-countdown-counter u-countdown-counter-4\"><div class=\"u-countdown-number\">5<\/div><div class=\"u-countdown-number\">8<\/div><\/div>\n              <div class=\"u-countdown-label u-countdown-label-4\">Minutes<\/div>\n            <\/div>\n            <div class=\"u-countdown-separator u-countdown-separator-4\">:<\/div>\n            <div class=\"u-countdown-item u-countdown-seconds u-spacing-10\">\n              <div class=\"u-countdown-counter u-countdown-counter-5\"><div class=\"u-countdown-number\">3<\/div><div class=\"u-countdown-number\">3<\/div><\/div>\n              <div class=\"u-countdown-label u-countdown-label-5\">Seconds<\/div>\n            <\/div>\n            <div class=\"u-countdown-separator u-hidden u-countdown-separator-5\">:<\/div>\n            <div class=\"u-countdown-item u-countdown-numbers u-hidden u-spacing-10\">\n              <div class=\"u-countdown-counter u-countdown-counter-6\"><div class=\"u-countdown-number\">0<\/div><div class=\"u-countdown-number\">0<\/div><\/div>\n              <div class=\"u-countdown-label u-countdown-label-6\">Items<\/div>\n            <\/div>\n          <\/div>\n          <div class=\"u-countdown-message u-hidden\">\n            <p>Sorry, the time is up.<\/p>\n          <\/div>\n        <\/div>\n        <div class=\"data-layout-selected u-clearfix u-expanded-width u-gutter-10 u-layout-wrap u-layout-wrap-1\">\n          <div class=\"u-layout\">\n            <div class=\"u-layout-row\">\n              <div class=\"u-container-style u-image u-layout-cell u-radius u-shape-round u-size-60 u-image-1\" data-image-width=\"1540\" data-image-height=\"632\" style=\"background-image: url(&quot;https:\/\/aecondeixa.pt\/wp-content\/uploads\/2024\/11\/Campanha_Oferta_Formativa_Imagens.jpg&quot;);\">\n                <div class=\"u-container-layout u-container-layout-1\"><\/div>\n              <\/div>\n            <\/div>\n          <\/div>\n        <\/div>\n        <a href=\"https:\/\/aecondeixa.pt\/wp-content\/uploads\/2024\/11\/Publicacoes_da_Campanha_31_outubro_4_novembro-1.pdf\" class=\"u-btn u-button-style u-file-link u-hover-palette-1-dark-1 u-palette-1-base u-btn-1\" target=\"_blank\">Ler mais <\/a>\n      <\/div>\n    <\/section>\n    <section class=\"u-clearfix u-white u-section-7\" id=\"carousel_61d4\">\n      <div class=\"u-clearfix u-sheet u-sheet-1\">\n        <div class=\"data-layout-selected u-clearfix u-layout-wrap u-layout-wrap-1\">\n          <div class=\"u-layout\">\n            <div class=\"u-layout-row\">\n              <div class=\"u-container-style u-image u-layout-cell u-left-cell u-size-37 u-image-1\" data-image-width=\"540\" data-image-height=\"767\" style=\"background-image: url(&quot;https:\/\/aecondeixa.pt\/wp-content\/uploads\/2025\/01\/Pessoas-FSE.jpg&quot;);\">\n                <div class=\"u-container-layout u-container-layout-1\"><\/div>\n              <\/div>\n              <div class=\"u-align-left u-container-align-left u-container-style u-layout-cell u-right-cell u-size-23 u-layout-cell-2\">\n                <div class=\"u-container-layout u-container-layout-2\">\n                  <p class=\"u-text u-text-1\">Execu\u00e7\u00e3o do projeto PESSOAS-FSE+-00982400 <\/p>\n                  <h2 class=\"u-text u-text-body-alt-color u-text-2\">Dicas Felizes<\/h2>\n                  <p class=\"u-text u-text-3\">Execu\u00e7\u00e3o do projeto PESSOAS-FSE+-00982400, relativo ao financiamento dos Cursos Profissionais do ano letivo 2023\/2024, do Agrupamento de Escolas de Condeixa a Nova.<\/p>\n                  <p class=\"u-text u-text-body-alt-color u-text-4\">Imagem de <a href=\"https:\/\/freepik.com\/photos\/people\" class=\"u-active-none u-border-1 u-border-active-palette-3-light-2 u-border-hover-palette-3-light-2 u-border-no-left u-border-no-right u-border-no-top u-border-white u-bottom-left-radius-0 u-bottom-right-radius-0 u-btn u-button-link u-button-style u-hover-none u-none u-radius-0 u-text-body-alt-color u-top-left-radius-0 u-top-right-radius-0 u-btn-1\">Freepik<\/a>\n                  <\/p>\n                <\/div>\n              <\/div>\n            <\/div>\n          <\/div>\n        <\/div>\n        <div class=\"u-border-3 u-border-grey-dark-1 u-line u-line-horizontal u-line-1\"><\/div>\n      <\/div>\n    <\/section>\n    <section class=\"u-clearfix u-white u-section-8\" id=\"sec-76c4\">\n      <div class=\"u-clearfix u-sheet u-sheet-1\">\n        <div class=\"data-layout-selected u-clearfix u-layout-wrap u-layout-wrap-1\">\n          <div class=\"u-layout\">\n            <div class=\"u-layout-row\">\n              <div class=\"u-container-style u-image u-layout-cell u-left-cell u-size-37 u-image-1\" data-image-width=\"538\" data-image-height=\"763\" style=\"background-image: url(&quot;https:\/\/aecondeixa.pt\/wp-content\/uploads\/2025\/03\/Pessoas2030_A3_vertical_Selo_OIE-1.jpg&quot;);\">\n                <div class=\"u-container-layout u-container-layout-1\"><\/div>\n              <\/div>\n              <div class=\"u-align-left u-container-align-left u-container-style u-layout-cell u-right-cell u-size-23 u-layout-cell-2\">\n                <div class=\"u-container-layout u-container-layout-2\">\n                  <p class=\"u-text u-text-1\">Execu\u00e7\u00e3o do projeto PESSOAS-FSE+-01838200 <\/p>\n                  <h2 class=\"u-text u-text-body-alt-color u-text-2\">Dicas Felizes<\/h2>\n                  <p class=\"u-text u-text-3\">Execu\u00e7\u00e3o do projeto PESSOAS-FSE+-01838200, relativo ao financiamento dos Cursos Profissionais do ano letivo 2024\/2025, do Agrupamento de Escolas de Condeixa a Nova.<\/p>\n                  <p class=\"u-text u-text-body-alt-color u-text-4\">Imagem de <a href=\"https:\/\/freepik.com\/photos\/people\" class=\"u-active-none u-border-1 u-border-active-palette-3-light-2 u-border-hover-palette-3-light-2 u-border-no-left u-border-no-right u-border-no-top u-border-white u-bottom-left-radius-0 u-bottom-right-radius-0 u-btn u-button-link u-button-style u-hover-none u-none u-radius-0 u-text-body-alt-color u-top-left-radius-0 u-top-right-radius-0 u-btn-1\">Freepik<\/a>\n                  <\/p>\n                <\/div>\n              <\/div>\n            <\/div>\n          <\/div>\n        <\/div>\n        <div class=\"u-border-3 u-border-grey-dark-1 u-line u-line-horizontal u-line-1\"><\/div>\n      <\/div>\n    <\/section>\n    <section class=\"u-clearfix u-container-align-center u-grey-5 u-section-9\" id=\"block-1\">\n      <div class=\"u-clearfix u-sheet u-valign-middle u-sheet-1\">\n        <div class=\"data-layout-selected u-clearfix u-expanded-width u-gutter-18 u-layout-wrap u-layout-wrap-1\">\n          <div class=\"u-gutter-0 u-layout\">\n            <div class=\"u-layout-row\">\n              <div class=\"u-size-31-sm u-size-31-xs u-size-46-lg u-size-46-xl u-size-60-md\">\n                <div class=\"u-layout-row\">\n                  <div class=\"u-align-left u-container-align-left u-container-style u-layout-cell u-left-cell u-size-60 u-layout-cell-1\" src=\"\">\n                    <div class=\"u-container-layout u-container-layout-1\" src=\"\">\n                      <img decoding=\"async\" class=\"u-expanded-width u-image u-image-1\" src=\"https:\/\/aecondeixa.pt\/wp-content\/uploads\/2025\/03\/Barra_cofinanciamento_Website1.png\" data-image-width=\"3402\" data-image-height=\"741\">\n                    <\/div>\n                  <\/div>\n                <\/div>\n              <\/div>\n              <div class=\"u-size-14-lg u-size-14-xl u-size-29-sm u-size-29-xs u-size-60-md\">\n                <div class=\"u-layout-col\">\n                  <div class=\"u-align-left u-container-align-left u-container-style u-image u-layout-cell u-right-cell u-size-60 u-image-2\" data-image-width=\"604\" data-image-height=\"582\" style=\"background-image: url(&quot;https:\/\/aecondeixa.pt\/wp-content\/uploads\/2025\/03\/Selo_Website2-1.png&quot;);\">\n                    <div class=\"u-container-layout u-valign-middle u-container-layout-2\" src=\"\"><\/div>\n                  <\/div>\n                <\/div>\n              <\/div>\n            <\/div>\n          <\/div>\n        <\/div>\n      <\/div>\n    <\/section>\n    \n    \n    \n    \n  \n<\/div>","protected":false},"excerpt":{"rendered":"<p>INFORMA\u00c7\u00f5es SOBRE OFERTA FORMATIVA 2025-2026 Encontre aqui todas as informa\u00e7\u00f5es sobre a nossa oferta formativa para 2025-2026 LER MAIS Verifique [&hellip;]<\/p>\n","protected":false},"author":1,"featured_media":0,"parent":0,"menu_order":0,"comment_status":"closed","ping_status":"closed","template":"","meta":{"site-sidebar-layout":"default","site-content-layout":"","ast-site-content-layout":"default","site-content-style":"default","site-sidebar-style":"default","ast-global-header-display":"","ast-banner-title-visibility":"","ast-main-header-display":"","ast-hfb-above-header-display":"","ast-hfb-below-header-display":"","ast-hfb-mobile-header-display":"","site-post-title":"","ast-breadcrumbs-content":"","ast-featured-img":"","footer-sml-layout":"","ast-disable-related-posts":"","theme-transparent-header-meta":"","adv-header-id-meta":"","stick-header-meta":"","header-above-stick-meta":"","header-main-stick-meta":"","header-below-stick-meta":"","astra-migrate-meta-layouts":"default","ast-page-background-enabled":"default","ast-page-background-meta":{"desktop":{"background-color":"var(--ast-global-color-4)","background-image":"","background-repeat":"repeat","background-position":"center center","background-size":"auto","background-attachment":"scroll","background-type":"","background-media":"","overlay-type":"","overlay-color":"","overlay-opacity":"","overlay-gradient":""},"tablet":{"background-color":"","background-image":"","background-repeat":"repeat","background-position":"center center","background-size":"auto","background-attachment":"scroll","background-type":"","background-media":"","overlay-type":"","overlay-color":"","overlay-opacity":"","overlay-gradient":""},"mobile":{"background-color":"","background-image":"","background-repeat":"repeat","background-position":"center center","background-size":"auto","background-attachment":"scroll","background-type":"","background-media":"","overlay-type":"","overlay-color":"","overlay-opacity":"","overlay-gradient":""}},"ast-content-background-meta":{"desktop":{"background-color":"var(--ast-global-color-5)","background-image":"","background-repeat":"repeat","background-position":"center center","background-size":"auto","background-attachment":"scroll","background-type":"","background-media":"","overlay-type":"","overlay-color":"","overlay-opacity":"","overlay-gradient":""},"tablet":{"background-color":"var(--ast-global-color-5)","background-image":"","background-repeat":"repeat","background-position":"center center","background-size":"auto","background-attachment":"scroll","background-type":"","background-media":"","overlay-type":"","overlay-color":"","overlay-opacity":"","overlay-gradient":""},"mobile":{"background-color":"var(--ast-global-color-5)","background-image":"","background-repeat":"repeat","background-position":"center center","background-size":"auto","background-attachment":"scroll","background-type":"","background-media":"","overlay-type":"","overlay-color":"","overlay-opacity":"","overlay-gradient":""}},"footnotes":""},"class_list":["post-1553","page","type-page","status-publish","hentry"],"_links":{"self":[{"href":"https:\/\/aecondeixa.pt\/index.php?rest_route=\/wp\/v2\/pages\/1553","targetHints":{"allow":["GET"]}}],"collection":[{"href":"https:\/\/aecondeixa.pt\/index.php?rest_route=\/wp\/v2\/pages"}],"about":[{"href":"https:\/\/aecondeixa.pt\/index.php?rest_route=\/wp\/v2\/types\/page"}],"author":[{"embeddable":true,"href":"https:\/\/aecondeixa.pt\/index.php?rest_route=\/wp\/v2\/users\/1"}],"replies":[{"embeddable":true,"href":"https:\/\/aecondeixa.pt\/index.php?rest_route=%2Fwp%2Fv2%2Fcomments&post=1553"}],"version-history":[{"count":23,"href":"https:\/\/aecondeixa.pt\/index.php?rest_route=\/wp\/v2\/pages\/1553\/revisions"}],"predecessor-version":[{"id":2619,"href":"https:\/\/aecondeixa.pt\/index.php?rest_route=\/wp\/v2\/pages\/1553\/revisions\/2619"}],"wp:attachment":[{"href":"https:\/\/aecondeixa.pt\/index.php?rest_route=%2Fwp%2Fv2%2Fmedia&parent=1553"}],"curies":[{"name":"wp","href":"https:\/\/api.w.org\/{rel}","templated":true}]}}