{"id":2010,"date":"2024-06-17T15:31:34","date_gmt":"2024-06-17T15:31:34","guid":{"rendered":"http:\/\/aecondeixa.pt\/wordpress\/?page_id=2010"},"modified":"2026-04-08T14:16:13","modified_gmt":"2026-04-08T14:16:13","slug":"ciencia_viva","status":"publish","type":"page","link":"https:\/\/aecondeixa.pt\/?page_id=2010","title":{"rendered":"Ciencia_Viva"},"content":{"rendered":"<div class=\"\" style=\"\" >\n  \n    \n    <section class=\"u-clearfix u-section-2\" id=\"sec-0781\">\n      <div class=\"u-clearfix u-sheet u-sheet-1\">\n        <div class=\"custom-expanded u-palette-1-base u-shape u-shape-rectangle u-shape-1\"><\/div>\n        <img decoding=\"async\" class=\"custom-expanded u-image u-image-1\" src=\"https:\/\/aecondeixa.pt\/wp-content\/uploads\/2024\/02\/bg.png\">\n        <img decoding=\"async\" src=\"https:\/\/aecondeixa.pt\/wp-content\/uploads\/2024\/02\/bg3-1.png\" alt=\"\" class=\"u-image u-image-contain u-image-default u-image-2\" data-image-width=\"490\" data-image-height=\"339\">\n        <div class=\"u-container-style u-group u-group-1\">\n          <div class=\"u-container-layout u-container-layout-1\">\n            <h1 class=\"u-text u-text-white u-title u-text-1\"> Clube Ci\u00eancia Viva<\/h1>\n            <a href=\"#\" class=\"u-border-2 u-border-palette-2-base u-link u-text-palette-2-base u-link-1\">read more<\/a>\n          <\/div>\n        <\/div>\n      <\/div>\n    <\/section>\n    <section class=\"u-clearfix u-white u-section-3\" id=\"block-1\">\n      <div class=\"u-clearfix u-sheet u-sheet-1\"><\/div>\n    <\/section>\n    <section class=\"u-clearfix u-container-align-center u-section-4\" id=\"sec-834f\">\n      <div class=\"u-clearfix u-sheet u-valign-middle u-sheet-1\">\n        <div class=\"u-absolute-hcenter u-expanded u-uploaded-video u-video\">\n          <div class=\"embed-responsive\">\n            <video class=\"embed-responsive-item\" data-autoplay=\"1\" muted=\"1\" controls=\"\" autoplay=\"autoplay\" playsinline=\"\">\n              <source src=\"https:\/\/aecondeixa.pt\/wp-content\/uploads\/2024\/06\/clube_ciencia_viva1.mp4\" type=\"video\/mp4\">\n              <p>Your browser does not support HTML5 video.<\/p>\n            <\/video>\n          <\/div>\n        <\/div>\n      <\/div>\n    <\/section>\n    <section class=\"u-clearfix u-section-5\" id=\"sec-b025\">\n      <div class=\"u-clearfix u-sheet u-sheet-1\">\n        <div class=\"u-container-style u-expanded-width u-group u-group-1\">\n          <div class=\"u-container-layout u-container-layout-1\">\n            <p class=\"u-text u-text-1\"> O Clube Ci\u00eancia Viva do Agrupamento de escolas de Condeixa-a-Nova est\u00e1 inserido numa rede nacional destes projetos que t\u00eam como princ\u00edpios orientadores: desenvolver as compet\u00eancias de ordem pr\u00e1tica em laborat\u00f3rio, fomentar o gosto e a curiosidade pelo conhecimento cient\u00edfico, e sensibilizar os alunos para a aplicabilidade cient\u00edfica e tecnol\u00f3gica dos conte\u00fados abordados em sala de aula. <br>Nos \u00faltimos anos tem registado progressos not\u00f3rios, em&nbsp;2018\/2019 foi posto em pr\u00e1tica, em turmas do quarto ano do primeiro ciclo, foi utilizado o material que j\u00e1 existia nas escolas do primeiro ciclo, e que estava&nbsp;na altura operacional, transportando o professor consigo os reagentes e&nbsp;materiais que eram poss\u00edveis transportar pelos seus pr\u00f3prios meios para o&nbsp;efeito.<br>Por sugest\u00e3o da Diretora da escola, na altura, foi&nbsp;preparada uma candidatura de financiamento externo, no \u00e2mbito do Portugal2020,&nbsp;com atividades de enriquecimento curricular para os&nbsp; diferentes ciclos de ensino do agrupamento, o<br>projeto submetido foi aprovado e implementado.\n            <\/p>\n          <\/div>\n        <\/div>\n      <\/div>\n    <\/section>\n    <section class=\"u-clearfix u-section-6\" id=\"carousel_0dac\">\n      <div class=\"u-clearfix u-sheet u-valign-middle u-sheet-1\">\n        <div class=\"data-layout-selected u-clearfix u-expanded-width u-layout-wrap u-layout-wrap-1\">\n          <div class=\"u-layout\">\n            <div class=\"u-layout-row\">\n              <div class=\"u-container-style u-image u-layout-cell u-right-cell u-size-40 u-image-1\" data-image-width=\"4032\" data-image-height=\"3024\" style=\"background-image: url(&quot;https:\/\/aecondeixa.pt\/wp-content\/uploads\/2024\/06\/AL_EBn2-scaled.jpg&quot;);\">\n                <div class=\"u-container-layout\"><\/div>\n              <\/div>\n              <div class=\"u-container-style u-layout-cell u-left-cell u-palette-1-base u-size-20 u-layout-cell-2\">\n                <div class=\"u-container-layout u-container-layout-2\">\n                  <img decoding=\"async\" src=\"https:\/\/aecondeixa.pt\/wp-content\/uploads\/2024\/02\/bg2.png\" alt=\"\" class=\"u-image u-image-contain u-image-default u-image-2\" data-image-width=\"643\" data-image-height=\"501\">\n                  <h2 class=\"u-custom-font u-font-pt-sans u-text u-text-1\"> &nbsp;Explorat\u00f3rio&nbsp;<\/h2>\n                <\/div>\n              <\/div>\n            <\/div>\n          <\/div>\n        <\/div>\n      <\/div>\n    <\/section>\n    <section class=\"u-clearfix u-section-7\" id=\"carousel_6d49\">\n      <div class=\"u-clearfix u-sheet u-sheet-1\">\n        <div class=\"u-container-style u-expanded-width u-group u-group-1\">\n          <div class=\"u-container-layout u-container-layout-1\">\n            <h2 class=\"u-custom-font u-text u-text-font u-text-1\">Explorat\u00f3rio<\/h2>\n            <p class=\"u-text u-text-2\"> Entre o ano de 2019 e 2021, e em estreita colabora\u00e7\u00e3o com o Explorat\u00f3rio Centro de Ci\u00eancia Viva de Coimbra, foram implementados workshops eminentemente pr\u00e1ticos sobre tem\u00e1ticas t\u00e3o diversificadas como: Geologia; Rob\u00f3tica; Sustentabilidade Ambiental Energ\u00e9tica, Gest\u00e3o de Res\u00edduos; e Corpo humano foram implementados na EBn2 com grande ades\u00e3o por parte dos alunos.<\/p>\n          <\/div>\n        <\/div>\n      <\/div>\n    <\/section>\n    <section class=\"u-clearfix u-section-8\" id=\"carousel_f2e6\">\n      <div class=\"u-clearfix u-sheet u-sheet-1\">\n        <div class=\"custom-expanded data-layout-selected u-clearfix u-layout-wrap u-layout-wrap-1\">\n          <div class=\"u-layout\">\n            <div class=\"u-layout-row\">\n              <div class=\"u-container-style u-layout-cell u-left-cell u-palette-1-base u-size-20 u-layout-cell-1\">\n                <div class=\"u-container-layout u-valign-bottom-lg u-valign-bottom-md u-container-layout-1\">\n                  <img decoding=\"async\" src=\"https:\/\/aecondeixa.pt\/wp-content\/uploads\/2024\/02\/bg3-1.png\" alt=\"\" class=\"u-expanded-width u-image u-image-contain u-image-default u-image-1\" data-image-width=\"490\" data-image-height=\"339\">\n                  <a href=\"#\" class=\"u-border-2 u-border-palette-2-base u-link u-text-palette-2-base u-link-1\">read more<\/a>\n                  <h2 class=\"u-align-center u-custom-font u-font-pt-sans u-text u-text-1\"> Planet\u00e1rio<\/h2>\n                <\/div>\n              <\/div>\n              <div class=\"u-container-style u-image u-layout-cell u-right-cell u-size-40 u-image-2\" data-image-width=\"1280\" data-image-height=\"854\" style=\"background-image: url(&quot;https:\/\/aecondeixa.pt\/wp-content\/uploads\/2024\/06\/c83e05dfda2e6a83fb38680be8fa286f5ada5d403313ad5f97f7db4933aca3814e2c3a242142143509eacbce94f60ab12f398f77992f21fe454b2d_1280.jpg&quot;);\">\n                <div class=\"u-container-layout\"><\/div>\n              <\/div>\n            <\/div>\n          <\/div>\n        <\/div>\n      <\/div>\n    <\/section>\n    <section class=\"u-clearfix u-section-9\" id=\"carousel_3172\">\n      <div class=\"u-clearfix u-sheet u-sheet-1\">\n        <div class=\"u-container-style u-expanded-width u-group u-group-1\">\n          <div class=\"u-container-layout u-container-layout-1\">\n            <h2 class=\"u-custom-font u-font-pt-sans u-text u-text-1\"> Planet\u00e1rio<\/h2>\n            <p class=\"u-text u-text-2\"> No primeiro Ciclo os alunos tiveram acesso ao Planet\u00e1rio, no pr\u00e9-escolar foi implementado o \u201cExploraest\u00f3rias\u201d, e no Ensino Secund\u00e1rio foi promovido o contato com investigadores Universit\u00e1rios, nas \u00e1reas abordadas pelos conte\u00fados program\u00e1ticos nomeadamente: Biologia Molecular; Qu\u00edmica Medicinal; ou ainda Sustentabilidade e Energias Renov\u00e1veis. <br>Este projeto foi implementado com uma taxa de execu\u00e7\u00e3o plena de 100 %, tendo culminado com a participa\u00e7\u00e3o do agrupamento no Forum Nacional de janeiro de 2021, implementado em formato digital, com os registos multim\u00e9dia das evid\u00eancias do trabalho entretanto implementado.&nbsp;\n            <\/p>\n          <\/div>\n        <\/div>\n      <\/div>\n    <\/section>\n    <section class=\"u-clearfix u-section-10\" id=\"carousel_5019\">\n      <div class=\"u-clearfix u-sheet u-sheet-1\">\n        <div class=\"custom-expanded data-layout-selected u-clearfix u-layout-wrap u-layout-wrap-1\">\n          <div class=\"u-gutter-0 u-layout\">\n            <div class=\"u-layout-row\">\n              <div class=\"u-container-style u-image u-layout-cell u-left-cell u-size-39 u-image-1\" data-image-width=\"4288\" data-image-height=\"2848\" style=\"background-image: url(&quot;https:\/\/aecondeixa.pt\/wp-content\/uploads\/2024\/06\/PalestraSub30_ESFN-scaled.jpg&quot;);\">\n                <div class=\"u-container-layout\"><\/div>\n              <\/div>\n              <div class=\"u-container-style u-layout-cell u-palette-2-base u-right-cell u-size-21 u-layout-cell-2\">\n                <div class=\"u-container-layout u-container-layout-2\">\n                  <img decoding=\"async\" src=\"https:\/\/aecondeixa.pt\/wp-content\/uploads\/2024\/02\/bg3-1.png\" alt=\"\" class=\"u-image u-image-contain u-image-default u-image-2\" data-image-width=\"490\" data-image-height=\"339\">\n                  <h2 class=\"u-align-center u-custom-font u-text u-text-font u-text-1\"> Workshops <\/h2>\n                <\/div>\n              <\/div>\n            <\/div>\n          <\/div>\n        <\/div>\n      <\/div>\n    <\/section>\n    <section class=\"u-clearfix u-section-11\" id=\"carousel_6f44\">\n      <div class=\"u-clearfix u-sheet u-sheet-1\">\n        <div class=\"u-container-style u-expanded-width u-group u-group-1\">\n          <div class=\"u-container-layout u-container-layout-1\">\n            <h2 class=\"u-custom-font u-font-pt-sans u-text u-text-1\"> Workshops<\/h2>\n            <p class=\"u-text u-text-2\"> Workshops eminentemente pr\u00e1ticos sobre tem\u00e1ticas t\u00e3o diversificadas como: Geologia; Rob\u00f3tica; Sustentabilidade Ambiental Energ\u00e9tica, Gest\u00e3o de Res\u00edduos; e Corpo humano foram implementados na EBn2 com grande ades\u00e3o por parte dos alunos.<\/p>\n          <\/div>\n        <\/div>\n      <\/div>\n    <\/section>\n    <section class=\"u-clearfix u-section-12\" id=\"sec-8f1d\">\n      <div class=\"u-clearfix u-sheet u-sheet-1\">\n        <div class=\"custom-expanded data-layout-selected u-clearfix u-layout-wrap u-layout-wrap-1\">\n          <div class=\"u-layout\">\n            <div class=\"u-layout-row\">\n              <div class=\"u-container-style u-image u-layout-cell u-left-cell u-size-30 u-image-1\" data-image-width=\"1920\" data-image-height=\"1440\" style=\"background-image: url(&quot;https:\/\/aecondeixa.pt\/wp-content\/uploads\/2024\/06\/Exploraestorias_Pre_escolar.jpg&quot;);\">\n                <div class=\"u-container-layout\"><\/div>\n              <\/div>\n              <div class=\"u-container-style u-image u-layout-cell u-right-cell u-size-30 u-image-2\" data-image-width=\"3024\" data-image-height=\"4032\" style=\"background-image: url(&quot;https:\/\/aecondeixa.pt\/wp-content\/uploads\/2024\/06\/Safe-scaled.jpg&quot;);\">\n                <div class=\"u-container-layout\"><\/div>\n              <\/div>\n            <\/div>\n          <\/div>\n        <\/div>\n      <\/div>\n    <\/section>\n    <section class=\"u-clearfix u-section-13\" id=\"carousel_ae79\">\n      <div class=\"u-clearfix u-sheet u-sheet-1\">\n        <div class=\"u-container-style u-expanded-width u-group u-group-1\">\n          <div class=\"u-container-layout u-container-layout-1\">\n            <p class=\"u-text u-text-1\"> Paralelamente e internamente em 2019\/2020, na EBn2, foram dinamizadas pela primeira vez oficinas regulares de F\u00edsico-Qu\u00edmica, com um grupo fixo de alunos que desenvolveram as suas compet\u00eancias de ordem pr\u00e1tica\/laboratoriais semanalmente, tendo sido bem sucedida. <br>Esta iniciativa foi alargada em 2020\/2021 a Ci\u00eancias Naturais, e com a ades\u00e3o crescente por parte dos alunos foram abertas em 2021\/2022, as Oficinas de Pensamento Computacional e Programa\u00e7\u00e3o, que funcionaram desde ent\u00e3o e de forma regular at\u00e9 ao presente ano letivo. <br>\n              <br>No Ensino Secund\u00e1rio, e ap\u00f3s o projeto de financiamento as iniciativas n\u00e3o se esgotaram, tendo sido estabelecida uma parceria com a Universidade Vasco da Gama, para implementa\u00e7\u00e3o do projeto SAFE\/Micro Mundo, sobre Biologia Molecular, tamb\u00e9m este dinamizado ao longo dos anos com grande ades\u00e3o por parte dos alunos a frequentar a Escola Secund\u00e1ria Fernando Namora, onde \u00e9 salientado o fundamento cient\u00edfico de observa\u00e7\u00f5es do quotidiano, realizados trabalhos pr\u00e1ticos sobre uma tem\u00e1tica atual, resist\u00eancia aos antibi\u00f3ticos, e desenvolvidas as compet\u00eancias de ordem pr\u00e1tica\/laboratorial todos os anos desde ent\u00e3o. <br>\n              <br>A partir do ano letivo de 2022\/2023 o clube singrou ainda mais a sua presen\u00e7a na vida do agrupamento, com a organiza\u00e7\u00e3o de um Minicongresso, onde s\u00e3o divulgados e partilhados os melhores trabalhos desenvolvidos pelos alunos ao longo de todo o ano letivo. <br>Nos \u00faltimos anos, e j\u00e1 sob o mandato do atual Diretor do Agrupamento, surgiram duas novas propostas, no \u00e2mbito do PRR, uma para o Primeiro Ciclo, outra para o Ensino Secund\u00e1rio Profissional, que obtiveram financiamento externo e desenvolveram os seus projetos, com novas equipas pedag\u00f3gicas e os seus respetivos Coordenadores.&nbsp;<br>\n            <\/p>\n          <\/div>\n        <\/div>\n      <\/div>\n    <\/section>\n    \n    \n    \n    \n    \n  \n<\/div>","protected":false},"excerpt":{"rendered":"<p>Clube Ci\u00eancia Viva read more Your browser does not support HTML5 video. O Clube Ci\u00eancia Viva do Agrupamento de escolas [&hellip;]<\/p>\n","protected":false},"author":1,"featured_media":0,"parent":0,"menu_order":0,"comment_status":"closed","ping_status":"closed","template":"","meta":{"site-sidebar-layout":"default","site-content-layout":"","ast-site-content-layout":"default","site-content-style":"default","site-sidebar-style":"default","ast-global-header-display":"","ast-banner-title-visibility":"","ast-main-header-display":"","ast-hfb-above-header-display":"","ast-hfb-below-header-display":"","ast-hfb-mobile-header-display":"","site-post-title":"","ast-breadcrumbs-content":"","ast-featured-img":"","footer-sml-layout":"","ast-disable-related-posts":"","theme-transparent-header-meta":"default","adv-header-id-meta":"","stick-header-meta":"","header-above-stick-meta":"","header-main-stick-meta":"","header-below-stick-meta":"","astra-migrate-meta-layouts":"set","ast-page-background-enabled":"default","ast-page-background-meta":{"desktop":{"background-color":"var(--ast-global-color-4)","background-image":"","background-repeat":"repeat","background-position":"center center","background-size":"auto","background-attachment":"scroll","background-type":"","background-media":"","overlay-type":"","overlay-color":"","overlay-opacity":"","overlay-gradient":""},"tablet":{"background-color":"","background-image":"","background-repeat":"repeat","background-position":"center center","background-size":"auto","background-attachment":"scroll","background-type":"","background-media":"","overlay-type":"","overlay-color":"","overlay-opacity":"","overlay-gradient":""},"mobile":{"background-color":"","background-image":"","background-repeat":"repeat","background-position":"center center","background-size":"auto","background-attachment":"scroll","background-type":"","background-media":"","overlay-type":"","overlay-color":"","overlay-opacity":"","overlay-gradient":""}},"ast-content-background-meta":{"desktop":{"background-color":"var(--ast-global-color-5)","background-image":"","background-repeat":"repeat","background-position":"center center","background-size":"auto","background-attachment":"scroll","background-type":"","background-media":"","overlay-type":"","overlay-color":"","overlay-opacity":"","overlay-gradient":""},"tablet":{"background-color":"var(--ast-global-color-5)","background-image":"","background-repeat":"repeat","background-position":"center center","background-size":"auto","background-attachment":"scroll","background-type":"","background-media":"","overlay-type":"","overlay-color":"","overlay-opacity":"","overlay-gradient":""},"mobile":{"background-color":"var(--ast-global-color-5)","background-image":"","background-repeat":"repeat","background-position":"center center","background-size":"auto","background-attachment":"scroll","background-type":"","background-media":"","overlay-type":"","overlay-color":"","overlay-opacity":"","overlay-gradient":""}},"footnotes":""},"class_list":["post-2010","page","type-page","status-publish","hentry"],"_links":{"self":[{"href":"https:\/\/aecondeixa.pt\/index.php?rest_route=\/wp\/v2\/pages\/2010","targetHints":{"allow":["GET"]}}],"collection":[{"href":"https:\/\/aecondeixa.pt\/index.php?rest_route=\/wp\/v2\/pages"}],"about":[{"href":"https:\/\/aecondeixa.pt\/index.php?rest_route=\/wp\/v2\/types\/page"}],"author":[{"embeddable":true,"href":"https:\/\/aecondeixa.pt\/index.php?rest_route=\/wp\/v2\/users\/1"}],"replies":[{"embeddable":true,"href":"https:\/\/aecondeixa.pt\/index.php?rest_route=%2Fwp%2Fv2%2Fcomments&post=2010"}],"version-history":[{"count":16,"href":"https:\/\/aecondeixa.pt\/index.php?rest_route=\/wp\/v2\/pages\/2010\/revisions"}],"predecessor-version":[{"id":3150,"href":"https:\/\/aecondeixa.pt\/index.php?rest_route=\/wp\/v2\/pages\/2010\/revisions\/3150"}],"wp:attachment":[{"href":"https:\/\/aecondeixa.pt\/index.php?rest_route=%2Fwp%2Fv2%2Fmedia&parent=2010"}],"curies":[{"name":"wp","href":"https:\/\/api.w.org\/{rel}","templated":true}]}}