{"id":2065,"date":"2024-06-25T22:21:49","date_gmt":"2024-06-25T22:21:49","guid":{"rendered":"http:\/\/aecondeixa.pt\/wordpress\/?page_id=2065"},"modified":"2025-11-12T16:08:17","modified_gmt":"2025-11-12T16:08:17","slug":"associcao_pais","status":"publish","type":"page","link":"https:\/\/aecondeixa.pt\/?page_id=2065","title":{"rendered":"Associcao_pais"},"content":{"rendered":"<div class=\"\" style=\"\" >\n  \n    \n    <section class=\"u-align-center u-clearfix u-container-align-center u-palette-2-light-3 u-valign-bottom u-section-2\" id=\"carousel_5b77\" data-animation-name=\"\" data-animation-duration=\"0\" data-animation-delay=\"0\" data-animation-direction=\"\">\n      <div class=\"custom-expanded u-container-align-center u-container-style u-expanded-width-lg u-expanded-width-md u-expanded-width-sm u-expanded-width-xl u-group u-shape-rectangle u-white u-group-1\">\n        <div class=\"u-container-layout u-container-layout-1\">\n          <h2 class=\"u-align-center u-text u-text-default u-text-1\" data-animation-name=\"customAnimationIn\" data-animation-duration=\"1500\"> Associa\u00e7\u00f5es de Pais\/Encarregados de Educa\u00e7\u00e3o<\/h2>\n          <p class=\"u-align-center u-text u-text-2\" data-animation-name=\"customAnimationIn\" data-animation-duration=\"1500\" data-animation-delay=\"750\">Espa\u00e7o para as Associa\u00e7\u00f5es de pais e encarregados de educa\u00e7\u00e3o das \u200bseguintes escolas<\/p>\n        <\/div>\n      <\/div>\n      <div class=\"u-list u-list-1\">\n        <div class=\"u-repeater u-repeater-1\">\n          <div class=\"u-align-left u-container-align-center-lg u-container-align-center-sm u-container-align-center-xl u-container-align-center-xs u-container-align-left u-container-style u-list-item u-repeater-item u-list-item-1\" src=\"\" data-animation-name=\"customAnimationIn\" data-animation-duration=\"1500\">\n            <div class=\"u-container-layout u-similar-container u-container-layout-2\">\n              <img decoding=\"async\" class=\"u-expanded-width u-image u-image-1\" src=\"https:\/\/aecondeixa.pt\/wp-content\/uploads\/2024\/07\/EB_1_Condeixa_a_Nova_50.jpg\" data-image-width=\"1126\" data-image-height=\"1319\">\n              <div class=\"custom-expanded u-align-center u-container-align-center u-container-align-center-lg u-container-align-center-md u-container-align-center-sm u-container-align-center-xs u-container-style u-group u-white u-group-2\" data-animation-name=\"\" data-animation-duration=\"0\" data-animation-delay=\"0\" data-animation-direction=\"\">\n                <div class=\"u-container-layout u-container-layout-3\">\n                  <p class=\"u-align-center u-text u-text-3\" data-animation-name=\"customAnimationIn\" data-animation-duration=\"1500\" data-animation-delay=\"750\"> Escola B\u00e1sica n.o 1 de Condeixa-a-Nova<\/p>\n                  <a href=\"https:\/\/aecondeixa.pt\/?page_id=2062\" class=\"u-btn u-button-style u-hover-palette-1-dark-1 u-palette-1-base u-btn-1\">LER MAIS<\/a>\n                <\/div>\n              <\/div>\n            <\/div>\n          <\/div>\n          <div class=\"u-align-left u-container-align-center u-container-align-left u-container-style u-list-item u-repeater-item u-list-item-2\" src=\"\" data-animation-name=\"customAnimationIn\" data-animation-duration=\"1500\">\n            <div class=\"u-container-layout u-similar-container u-container-layout-4\">\n              <img decoding=\"async\" class=\"u-expanded-width u-image u-image-2\" src=\"https:\/\/aecondeixa.pt\/wp-content\/uploads\/2024\/07\/ES_FernandoNamora_50.jpg\" data-image-width=\"880\" data-image-height=\"563\">\n              <div class=\"custom-expanded u-align-center u-container-align-center u-container-align-center-md u-container-align-center-sm u-container-align-center-xs u-container-style u-group u-white u-group-3\" data-animation-name=\"\" data-animation-duration=\"0\" data-animation-delay=\"0\" data-animation-direction=\"\">\n                <div class=\"u-container-layout u-container-layout-5\">\n                  <p class=\"u-align-center u-text u-text-4\" data-animation-name=\"customAnimationIn\" data-animation-duration=\"1500\" data-animation-delay=\"750\"> Escola B\u00e1sica n.o 2 | Fernando Namora<\/p>\n                  <a href=\"https:\/\/aecondeixa.pt\/?page_id=2093\" class=\"u-btn u-button-style u-hover-palette-1-dark-1 u-palette-1-base u-btn-2\">LER MAIS<\/a>\n                <\/div>\n              <\/div>\n            <\/div>\n          <\/div>\n          <div class=\"u-align-left u-container-align-center-lg u-container-align-center-sm u-container-align-center-xl u-container-align-center-xs u-container-align-left u-container-style u-list-item u-repeater-item u-list-item-3\" src=\"\" data-animation-name=\"customAnimationIn\" data-animation-duration=\"1500\">\n            <div class=\"u-container-layout u-similar-container u-container-layout-6\">\n              <img decoding=\"async\" class=\"u-expanded-width u-image u-image-3\" src=\"https:\/\/aecondeixa.pt\/wp-content\/uploads\/2024\/07\/Eb_N3_Condeixa_a_Nova_50.jpg\" data-image-width=\"827\" data-image-height=\"563\">\n              <div class=\"custom-expanded u-align-center u-container-align-center u-container-align-center-sm u-container-align-center-xs u-container-style u-group u-white u-group-4\" data-animation-name=\"\" data-animation-duration=\"0\" data-animation-delay=\"0\" data-animation-direction=\"\">\n                <div class=\"u-container-layout u-container-layout-7\">\n                  <p class=\"u-align-center u-text u-text-5\" data-animation-name=\"customAnimationIn\" data-animation-duration=\"1500\" data-animation-delay=\"750\"> Escola B\u00e1sica n.o&nbsp; 3 de Condeixa-a-Nova <\/p>\n                  <a href=\"https:\/\/aecondeixa.pt\/?page_id=2099\" class=\"u-btn u-button-style u-hover-palette-1-dark-1 u-palette-1-base u-btn-3\">LER MAIS<\/a>\n                <\/div>\n              <\/div>\n            <\/div>\n          <\/div>\n          <div class=\"u-align-left u-container-align-center u-container-align-left u-container-style u-list-item u-repeater-item u-list-item-4\" src=\"\" data-animation-name=\"customAnimationIn\" data-animation-duration=\"1500\">\n            <div class=\"u-container-layout u-similar-container u-container-layout-8\">\n              <img decoding=\"async\" class=\"u-expanded-width u-image u-image-4\" src=\"https:\/\/aecondeixa.pt\/wp-content\/uploads\/2024\/07\/Eb_N1_Anobra_50.jpg\" data-image-width=\"722\" data-image-height=\"563\">\n              <div class=\"custom-expanded u-align-center u-container-align-center u-container-style u-group u-white u-group-5\" data-animation-name=\"\" data-animation-duration=\"0\" data-animation-delay=\"0\" data-animation-direction=\"\" data-href=\"#\">\n                <div class=\"u-container-layout u-container-layout-9\">\n                  <p class=\"u-align-center u-text u-text-6\" data-animation-name=\"customAnimationIn\" data-animation-duration=\"1500\" data-animation-delay=\"750\"> Escola B\u00e1sica n.o 1 de Anobra<\/p>\n                  <a href=\"https:\/\/aecondeixa.pt\/?page_id=2103\" class=\"u-btn u-button-style u-hover-palette-1-dark-1 u-palette-1-base u-btn-4\">LER MAIS<\/a>\n                <\/div>\n              <\/div>\n            <\/div>\n          <\/div>\n          <div class=\"u-align-left u-container-align-center-lg u-container-align-center-sm u-container-align-center-xl u-container-align-center-xs u-container-align-left u-container-style u-list-item u-repeater-item u-list-item-5\" src=\"\" data-animation-name=\"customAnimationIn\" data-animation-duration=\"1500\">\n            <div class=\"u-container-layout u-similar-container u-container-layout-10\">\n              <img decoding=\"async\" class=\"u-expanded-width u-image u-image-5\" src=\"https:\/\/aecondeixa.pt\/wp-content\/uploads\/2024\/07\/EB1_Ega_50.jpg\" data-image-width=\"857\" data-image-height=\"563\">\n              <div class=\"custom-expanded u-align-center u-container-align-center u-container-style u-group u-white u-group-6\" data-animation-name=\"\" data-animation-duration=\"0\" data-animation-delay=\"0\" data-animation-direction=\"\" data-href=\"#\">\n                <div class=\"u-container-layout u-container-layout-11\">\n                  <p class=\"u-align-center u-text u-text-7\" data-animation-name=\"customAnimationIn\" data-animation-duration=\"1500\" data-animation-delay=\"750\"> Escola B\u00e1sica n.o 1 de Ega<\/p>\n                  <a href=\"https:\/\/aecondeixa.pt\/?page_id=2108\" class=\"u-btn u-button-style u-hover-palette-1-dark-1 u-palette-1-base u-btn-5\">LER MAIS<\/a>\n                <\/div>\n              <\/div>\n            <\/div>\n          <\/div>\n          <div class=\"u-align-left u-container-align-center u-container-align-left u-container-style u-list-item u-repeater-item u-list-item-6\" src=\"\" data-animation-name=\"customAnimationIn\" data-animation-duration=\"1500\">\n            <div class=\"u-container-layout u-similar-container u-container-layout-12\">\n              <img decoding=\"async\" class=\"u-expanded-width u-image u-image-6\" src=\"https:\/\/aecondeixa.pt\/wp-content\/uploads\/2024\/07\/Eb_N1_Sebal_55.jpg\" data-image-width=\"725\" data-image-height=\"563\">\n              <div class=\"custom-expanded u-align-center u-container-align-center u-container-style u-group u-white u-group-7\" data-animation-name=\"\" data-animation-duration=\"0\" data-animation-delay=\"0\" data-animation-direction=\"\" data-href=\"#\">\n                <div class=\"u-container-layout u-container-layout-13\">\n                  <p class=\"u-align-center u-text u-text-8\" data-animation-name=\"customAnimationIn\" data-animation-duration=\"1500\" data-animation-delay=\"750\"> Escola B\u00e1sica n.o 1 de Sebal<\/p>\n                  <a href=\"https:\/\/aecondeixa.pt\/?page_id=2113\" class=\"u-btn u-button-style u-hover-palette-1-dark-1 u-palette-1-base u-btn-6\">LER MAIS<\/a>\n                <\/div>\n              <\/div>\n            <\/div>\n          <\/div>\n        <\/div>\n      <\/div>\n    <\/section>\n    <section class=\"u-clearfix u-container-align-center u-section-3\" id=\"sec-e8db\">\n      <div class=\"u-clearfix u-sheet u-sheet-1\">\n        <div class=\"data-layout-selected u-clearfix u-expanded-width u-gutter-0 u-layout-wrap u-layout-wrap-1\">\n          <div class=\"u-layout\" style=\"\">\n            <div class=\"u-layout-row\" style=\"\">\n              <div class=\"u-align-center u-container-align-center u-container-style u-layout-cell u-left-cell u-size-14 u-size-xs-60 u-white u-layout-cell-1\" src=\"\">\n                <div class=\"u-container-layout u-container-layout-1\">\n                  <h2 class=\"u-align-center u-text u-text-1\"> LER FORA DA ESCOLA<\/h2>\n                  <p class=\"u-align-left u-text u-text-2\"> Juntos, escola e fam\u00edlia, a criar leitores para a vida!&nbsp;<br>As bibliotecas escolares do nosso agrupamento est\u00e3o a dar vida ao projeto LER fora da escola! Uma iniciativa conjunta da RBE e da Funda\u00e7\u00e3o Belmiro de Azevedo.<br>Com o envolvimento de 184 alunos e respetivas fam\u00edlias, 9 docentes e 2 professoras bibliotec\u00e1rias, estamos a promover o gosto pela leitura em duas escolas do 1.\u00ba ciclo.\n                  <\/p>\n                  <a href=\"\" class=\"u-active-none u-align-center u-border-2 u-border-no-left u-border-no-right u-border-no-top u-border-palette-1-base u-btn u-btn-rectangle u-button-style u-hover-none u-none u-btn-1\">saber mais<\/a>\n                <\/div>\n              <\/div>\n              <div class=\"u-align-center u-container-align-center u-container-style u-layout-cell u-right-cell u-size-46 u-size-xs-60 u-layout-cell-2\" src=\"\">\n                <div class=\"u-container-layout u-container-layout-2\" src=\"\">\n                  <img decoding=\"async\" class=\"custom-expanded u-image u-image-1\" src=\"https:\/\/aecondeixa.pt\/wp-content\/uploads\/2025\/11\/Ler_Fora_Escola.jpg\" data-image-width=\"1600\" data-image-height=\"900\">\n                <\/div>\n              <\/div>\n            <\/div>\n          <\/div>\n        <\/div>\n      <\/div>\n    <\/section>\n    \n    \n    \n  \n<\/div>","protected":false},"excerpt":{"rendered":"<p>Associa\u00e7\u00f5es de Pais\/Encarregados de Educa\u00e7\u00e3o Espa\u00e7o para as Associa\u00e7\u00f5es de pais e encarregados de educa\u00e7\u00e3o das \u200bseguintes escolas Escola B\u00e1sica [&hellip;]<\/p>\n","protected":false},"author":1,"featured_media":0,"parent":0,"menu_order":0,"comment_status":"closed","ping_status":"closed","template":"","meta":{"site-sidebar-layout":"default","site-content-layout":"","ast-site-content-layout":"default","site-content-style":"default","site-sidebar-style":"default","ast-global-header-display":"","ast-banner-title-visibility":"","ast-main-header-display":"","ast-hfb-above-header-display":"","ast-hfb-below-header-display":"","ast-hfb-mobile-header-display":"","site-post-title":"","ast-breadcrumbs-content":"","ast-featured-img":"","footer-sml-layout":"","ast-disable-related-posts":"","theme-transparent-header-meta":"","adv-header-id-meta":"","stick-header-meta":"","header-above-stick-meta":"","header-main-stick-meta":"","header-below-stick-meta":"","astra-migrate-meta-layouts":"default","ast-page-background-enabled":"default","ast-page-background-meta":{"desktop":{"background-color":"var(--ast-global-color-4)","background-image":"","background-repeat":"repeat","background-position":"center center","background-size":"auto","background-attachment":"scroll","background-type":"","background-media":"","overlay-type":"","overlay-color":"","overlay-opacity":"","overlay-gradient":""},"tablet":{"background-color":"","background-image":"","background-repeat":"repeat","background-position":"center center","background-size":"auto","background-attachment":"scroll","background-type":"","background-media":"","overlay-type":"","overlay-color":"","overlay-opacity":"","overlay-gradient":""},"mobile":{"background-color":"","background-image":"","background-repeat":"repeat","background-position":"center center","background-size":"auto","background-attachment":"scroll","background-type":"","background-media":"","overlay-type":"","overlay-color":"","overlay-opacity":"","overlay-gradient":""}},"ast-content-background-meta":{"desktop":{"background-color":"var(--ast-global-color-5)","background-image":"","background-repeat":"repeat","background-position":"center center","background-size":"auto","background-attachment":"scroll","background-type":"","background-media":"","overlay-type":"","overlay-color":"","overlay-opacity":"","overlay-gradient":""},"tablet":{"background-color":"var(--ast-global-color-5)","background-image":"","background-repeat":"repeat","background-position":"center center","background-size":"auto","background-attachment":"scroll","background-type":"","background-media":"","overlay-type":"","overlay-color":"","overlay-opacity":"","overlay-gradient":""},"mobile":{"background-color":"var(--ast-global-color-5)","background-image":"","background-repeat":"repeat","background-position":"center center","background-size":"auto","background-attachment":"scroll","background-type":"","background-media":"","overlay-type":"","overlay-color":"","overlay-opacity":"","overlay-gradient":""}},"footnotes":""},"class_list":["post-2065","page","type-page","status-publish","hentry"],"_links":{"self":[{"href":"https:\/\/aecondeixa.pt\/index.php?rest_route=\/wp\/v2\/pages\/2065","targetHints":{"allow":["GET"]}}],"collection":[{"href":"https:\/\/aecondeixa.pt\/index.php?rest_route=\/wp\/v2\/pages"}],"about":[{"href":"https:\/\/aecondeixa.pt\/index.php?rest_route=\/wp\/v2\/types\/page"}],"author":[{"embeddable":true,"href":"https:\/\/aecondeixa.pt\/index.php?rest_route=\/wp\/v2\/users\/1"}],"replies":[{"embeddable":true,"href":"https:\/\/aecondeixa.pt\/index.php?rest_route=%2Fwp%2Fv2%2Fcomments&post=2065"}],"version-history":[{"count":17,"href":"https:\/\/aecondeixa.pt\/index.php?rest_route=\/wp\/v2\/pages\/2065\/revisions"}],"predecessor-version":[{"id":2985,"href":"https:\/\/aecondeixa.pt\/index.php?rest_route=\/wp\/v2\/pages\/2065\/revisions\/2985"}],"wp:attachment":[{"href":"https:\/\/aecondeixa.pt\/index.php?rest_route=%2Fwp%2Fv2%2Fmedia&parent=2065"}],"curies":[{"name":"wp","href":"https:\/\/api.w.org\/{rel}","templated":true}]}}