{"id":2620,"date":"2025-05-29T10:23:23","date_gmt":"2025-05-29T10:23:23","guid":{"rendered":"https:\/\/aecondeixa.pt\/?page_id=2620"},"modified":"2026-04-14T14:50:46","modified_gmt":"2026-04-14T14:50:46","slug":"oferta_formativa","status":"publish","type":"page","link":"https:\/\/aecondeixa.pt\/?page_id=2620","title":{"rendered":"Oferta_Formativa"},"content":{"rendered":"<div class=\"\" style=\"\" >\n  \n    \n    <section class=\"u-clearfix u-image u-section-2\" id=\"sec-6894\" style=\"background-image: url(&quot;https:\/\/aecondeixa.pt\/wp-content\/uploads\/2024\/04\/e4.jpg&quot;);\">\n      <div class=\"data-layout-selected u-clearfix u-layout-wrap u-layout-wrap-1\">\n        <div class=\"u-layout\">\n          <div class=\"u-layout-row\">\n            <div class=\"u-container-style u-layout-cell u-left-cell u-size-29 u-layout-cell-1\">\n              <div class=\"u-container-layout u-valign-middle u-container-layout-1\">\n                <h5 class=\"u-align-left u-custom-font u-font-pt-sans u-text u-text-1\"> INFORMA\u00c7\u00f5es SOBRE<\/h5>\n                <h1 class=\"u-align-left u-custom-font u-font-roboto-condensed u-text u-text-palette-4-base u-text-2\"> OFERTA FORMATIVA 2025-2026<br>\n                <\/h1>\n                <a href=\"#oferta_2025_26\" class=\"u-border-radius-0 u-btn u-btn-rectangle u-button-style u-custom-font u-font-oswald u-hover-palette-4-base u-palette-3-base u-btn-1\">LER MAIS <\/a>\n              <\/div>\n            <\/div>\n            <div class=\"u-align-right u-container-align-right u-container-style u-image u-layout-cell u-right-cell u-size-31 u-image-1\" style=\"background-image: url(&quot;https:\/\/aecondeixa.pt\/wp-content\/uploads\/2024\/04\/xx-min.jpg&quot;);\">\n              <div class=\"u-container-layout u-container-layout-2\"><\/div>\n            <\/div>\n          <\/div>\n        <\/div>\n      <\/div>\n    <\/section>\n    <section class=\"u-align-center u-clearfix u-container-align-center u-white u-section-3\" id=\"oferta_2025_26\">\n      \n      \n      \n      \n      \n      \n      \n      \n      \n      \n      \n      \n      \n      \n      \n      \n      \n      \n      <div class=\"u-clearfix u-sheet u-sheet-1\">\n        <h2 class=\"u-align-center u-text u-text-default u-text-1\" data-animation-name=\"customAnimationIn\" data-animation-duration=\"1500\" data-animation-delay=\"0\"> Verifique a Nossa Oferta<\/h2>\n        <div class=\"u-expanded-width u-list u-list-1\">\n          <div class=\"u-repeater u-repeater-1\">\n            <div class=\"u-align-center u-container-align-center u-container-style u-list-item u-repeater-item u-shape-rectangle u-list-item-1\" data-animation-name=\"customAnimationIn\" data-animation-duration=\"1500\" data-animation-delay=\"500\">\n              <div class=\"u-container-layout u-similar-container u-valign-bottom u-container-layout-1\">\n                <img decoding=\"async\" class=\"u-expanded-width u-image u-image-1\" src=\"https:\/\/aecondeixa.pt\/wp-content\/uploads\/2024\/04\/biblioteca_alunos1.png\" data-image-width=\"1280\" data-image-height=\"743\" data-animation-name=\"customAnimationIn\" data-animation-duration=\"1000\" data-animation-delay=\"0\">\n                <div class=\"u-container-style u-expanded-width u-group u-palette-2-base u-group-1\" data-animation-name=\"customAnimationIn\" data-animation-duration=\"1000\" data-animation-delay=\"0\">\n                  <div class=\"u-container-layout u-container-layout-2\">\n                    <h3 class=\"u-align-left u-text u-text-2\"> ENSINO B\u00c1SICO E SECUND\u00c1RIO<\/h3>\n                    <p class=\"u-align-left u-text u-text-body-alt-color u-text-3\"> L\u00edngua estrangeira II&nbsp;<br>Complemento \u00e0&nbsp;Educa\u00e7\u00e3o Art\u00edstica<br>\n                    <\/p>\n                    <a href=\"https:\/\/aecondeixa.pt\/wp-content\/uploads\/2025\/10\/Oferta_Formativa_AEC_20252026.pdf\" class=\"u-btn u-button-style u-file-link u-hover-palette-1-dark-1 u-palette-1-base u-btn-1\" target=\"_blank\">LER MAIS<\/a>\n                  <\/div>\n                <\/div>\n              <\/div>\n            <\/div>\n            <div class=\"u-align-center u-container-align-center u-container-style u-list-item u-repeater-item u-shape-rectangle u-list-item-2\" data-animation-name=\"customAnimationIn\" data-animation-duration=\"1500\" data-animation-delay=\"500\">\n              <div class=\"u-container-layout u-similar-container u-valign-bottom u-container-layout-3\">\n                <img decoding=\"async\" class=\"u-expanded-width u-image u-image-2\" src=\"https:\/\/aecondeixa.pt\/wp-content\/uploads\/2024\/04\/42202ac7e0dc0b5a0433abbbd6638794b1b5d25cfb853f7bf7e37da551a69409d0cb91232a89716673ed12016a794dadf6fde042264651842d0d78_1280.jpg\" data-image-width=\"1280\" data-image-height=\"854\" data-animation-name=\"customAnimationIn\" data-animation-duration=\"1000\">\n                <div class=\"u-container-style u-expanded-width u-group u-palette-2-base u-group-2\" data-animation-name=\"customAnimationIn\" data-animation-duration=\"1000\" data-animation-delay=\"0\">\n                  <div class=\"u-container-layout u-container-layout-4\">\n                    <h3 class=\"u-align-left u-text u-text-4\"> ENSINO PROFISSIONAL<\/h3>\n                    <p class=\"u-align-left u-text u-text-body-alt-color u-text-5\"> T\u00e9cnico(a) de Programador(a) de Inform\u00e1tica<br>T\u00e9cnico(a) de Eletr\u00f3nica, Automa\u00e7\u00e3o e Comando\n                    <\/p>\n                    <a href=\"#Pessoas2030\" class=\"u-btn u-button-style u-hover-palette-1-dark-1 u-palette-1-base u-btn-2\" target=\"_blank\">LER MAIS<\/a>\n                  <\/div>\n                <\/div>\n              <\/div>\n            <\/div>\n          <\/div>\n        <\/div>\n      <\/div>\n    <\/section>\n    <section class=\"u-clearfix u-valign-bottom-xs u-section-4\" id=\"Pessoas2030\">\n      <div class=\"u-clearfix u-sheet u-valign-middle u-sheet-1\">\n        <img decoding=\"async\" class=\"custom-expanded u-image u-image-1\" src=\"https:\/\/aecondeixa.pt\/wp-content\/uploads\/2026\/04\/Pessoas2030_CartazA3_vertical_Selo_OIE_250609.jpg\" data-image-width=\"663\" data-image-height=\"938\">\n      <\/div>\n    <\/section>\n    <section class=\"u-clearfix u-container-align-center-sm u-container-align-center-xs u-section-5\" id=\"Cursos_Profissionais\">\n      <div class=\"u-clearfix u-sheet u-sheet-1\">\n        <h1 class=\"u-align-center u-text u-text-1\"> CURSOS PROFISSIONAIS <br>\n          <br>PROPOSTAS PARA 2025-2028 (1.\u00ba ANO) (dependente do n.\u00ba de inscritos)\n        <\/h1>\n        <div class=\"data-layout-selected u-clearfix u-expanded-width u-gutter-10 u-layout-wrap u-layout-wrap-1\">\n          <div class=\"u-layout\">\n            <div class=\"u-layout-row\">\n              <div class=\"u-container-style u-image u-layout-cell u-size-60 u-image-1\" data-image-width=\"510\" data-image-height=\"763\" data-href=\"#cursos_profissionais_25_28\" style=\"background-image: url(&quot;https:\/\/aecondeixa.pt\/wp-content\/uploads\/2025\/05\/CP_TEAC_2025.jpg&quot;);\">\n                <div class=\"u-container-layout u-container-layout-1\">\n                  <a href=\"#cursos_profissionais_25_28\" class=\"u-btn u-button-style u-hover-palette-1-dark-1 u-palette-1-base u-btn-1\" target=\"_blank\">Ler mais<\/a>\n                <\/div>\n              <\/div>\n            <\/div>\n          <\/div>\n        <\/div>\n        <img decoding=\"async\" class=\"u-expanded-width u-image u-image-contain u-image-default u-image-2\" src=\"https:\/\/aecondeixa.pt\/wp-content\/uploads\/2026\/04\/Barra_cofinanciamento_2026.png\" alt=\"\" data-image-width=\"1421\" data-image-height=\"240\">\n        <div class=\"u-border-3 u-border-grey-dark-1 u-line u-line-horizontal u-line-1\"><\/div>\n      <\/div>\n    <\/section>\n    <section class=\"u-clearfix u-container-align-center-sm u-container-align-center-xs u-section-6\" id=\"cursos_profissionais_25_28\">\n      <div class=\"u-clearfix u-sheet u-sheet-1\">\n        <h1 class=\"u-align-center u-text u-text-1\"> CURSOS PROFISSIONAIS <br>\n          <br>PROPOSTAS PARA 2025-2028 (1.\u00ba ANO) (dependente do n.\u00ba de inscritos)\n        <\/h1>\n        <div class=\"data-layout-selected u-clearfix u-expanded-width u-gutter-10 u-layout-wrap u-layout-wrap-1\">\n          <div class=\"u-layout\">\n            <div class=\"u-layout-row\">\n              <div class=\"u-container-style u-file-link u-image u-layout-cell u-radius u-shape-round u-size-30 u-image-1\" data-image-width=\"676\" data-image-height=\"660\" data-href=\"https:\/\/aecondeixa.pt\/wp-content\/uploads\/2025\/05\/Divulgao_CP_TPI_2025.pdf\" data-target=\"_blank\" style=\"background-image: url(&quot;https:\/\/aecondeixa.pt\/wp-content\/uploads\/2025\/05\/CP_TPI_2025.png&quot;);\">\n                <div class=\"u-container-layout u-container-layout-1\">\n                  <h2 class=\"u-align-center u-text u-text-2\"> T\u00e9cnico(a) de <br>Programador(a) de Inform\u00e1tica\n                  <\/h2>\n                <\/div>\n              <\/div>\n              <div class=\"u-container-style u-file-link u-layout-cell u-size-30 u-layout-cell-2\" data-href=\"https:\/\/aecondeixa.pt\/wp-content\/uploads\/2025\/05\/Divulgao_CP_TEAC_2025.pdf\" data-target=\"_blank\">\n                <div class=\"u-container-layout u-container-layout-2\">\n                  <img decoding=\"async\" class=\"custom-expanded u-image u-image-2\" src=\"https:\/\/aecondeixa.pt\/wp-content\/uploads\/2025\/05\/CP_TEAC_2025.jpg\" data-image-width=\"510\" data-image-height=\"763\" data-href=\"https:\/\/aecondeixa.pt\/wp-content\/uploads\/2025\/05\/Divulgao_CP_TEAC_2025.pdf\" data-target=\"_blank\">\n                <\/div>\n              <\/div>\n            <\/div>\n          <\/div>\n        <\/div>\n        <a href=\"https:\/\/aecondeixa.pt\/wp-content\/uploads\/2025\/05\/Divulgao_CP_TPI_2025.pdf\" class=\"u-btn u-button-style u-file-link u-hover-palette-1-dark-1 u-palette-1-base u-btn-1\" target=\"_blank\"> Ler mais <\/a>\n        <a href=\"https:\/\/aecondeixa.pt\/wp-content\/uploads\/2025\/05\/Divulgao_CP_TEAC_2025.pdf\" class=\"u-btn u-button-style u-file-link u-hover-palette-1-dark-1 u-palette-1-base u-btn-2\" target=\"_blank\"> Ler mais<\/a>\n        <img decoding=\"async\" class=\"u-expanded-width u-image u-image-contain u-image-default u-image-3\" src=\"https:\/\/aecondeixa.pt\/wp-content\/uploads\/2025\/07\/Barra_cofinanciamento_Website1-scaled.png\" alt=\"\" data-image-width=\"3402\" data-image-height=\"741\">\n        <div class=\"u-border-3 u-border-grey-dark-1 u-line u-line-horizontal u-line-1\"><\/div>\n      <\/div>\n    <\/section>\n    \n    \n    \n  \n<\/div>","protected":false},"excerpt":{"rendered":"<p>INFORMA\u00c7\u00f5es SOBRE OFERTA FORMATIVA 2025-2026 LER MAIS Verifique a Nossa Oferta ENSINO B\u00c1SICO E SECUND\u00c1RIO L\u00edngua estrangeira II&nbsp;Complemento \u00e0&nbsp;Educa\u00e7\u00e3o Art\u00edstica [&hellip;]<\/p>\n","protected":false},"author":1,"featured_media":0,"parent":0,"menu_order":0,"comment_status":"closed","ping_status":"closed","template":"","meta":{"site-sidebar-layout":"default","site-content-layout":"","ast-site-content-layout":"default","site-content-style":"default","site-sidebar-style":"default","ast-global-header-display":"","ast-banner-title-visibility":"","ast-main-header-display":"","ast-hfb-above-header-display":"","ast-hfb-below-header-display":"","ast-hfb-mobile-header-display":"","site-post-title":"","ast-breadcrumbs-content":"","ast-featured-img":"","footer-sml-layout":"","ast-disable-related-posts":"","theme-transparent-header-meta":"default","adv-header-id-meta":"","stick-header-meta":"","header-above-stick-meta":"","header-main-stick-meta":"","header-below-stick-meta":"","astra-migrate-meta-layouts":"set","ast-page-background-enabled":"default","ast-page-background-meta":{"desktop":{"background-color":"var(--ast-global-color-4)","background-image":"","background-repeat":"repeat","background-position":"center center","background-size":"auto","background-attachment":"scroll","background-type":"","background-media":"","overlay-type":"","overlay-color":"","overlay-opacity":"","overlay-gradient":""},"tablet":{"background-color":"","background-image":"","background-repeat":"repeat","background-position":"center center","background-size":"auto","background-attachment":"scroll","background-type":"","background-media":"","overlay-type":"","overlay-color":"","overlay-opacity":"","overlay-gradient":""},"mobile":{"background-color":"","background-image":"","background-repeat":"repeat","background-position":"center center","background-size":"auto","background-attachment":"scroll","background-type":"","background-media":"","overlay-type":"","overlay-color":"","overlay-opacity":"","overlay-gradient":""}},"ast-content-background-meta":{"desktop":{"background-color":"var(--ast-global-color-5)","background-image":"","background-repeat":"repeat","background-position":"center center","background-size":"auto","background-attachment":"scroll","background-type":"","background-media":"","overlay-type":"","overlay-color":"","overlay-opacity":"","overlay-gradient":""},"tablet":{"background-color":"var(--ast-global-color-5)","background-image":"","background-repeat":"repeat","background-position":"center center","background-size":"auto","background-attachment":"scroll","background-type":"","background-media":"","overlay-type":"","overlay-color":"","overlay-opacity":"","overlay-gradient":""},"mobile":{"background-color":"var(--ast-global-color-5)","background-image":"","background-repeat":"repeat","background-position":"center center","background-size":"auto","background-attachment":"scroll","background-type":"","background-media":"","overlay-type":"","overlay-color":"","overlay-opacity":"","overlay-gradient":""}},"footnotes":""},"class_list":["post-2620","page","type-page","status-publish","hentry"],"_links":{"self":[{"href":"https:\/\/aecondeixa.pt\/index.php?rest_route=\/wp\/v2\/pages\/2620","targetHints":{"allow":["GET"]}}],"collection":[{"href":"https:\/\/aecondeixa.pt\/index.php?rest_route=\/wp\/v2\/pages"}],"about":[{"href":"https:\/\/aecondeixa.pt\/index.php?rest_route=\/wp\/v2\/types\/page"}],"author":[{"embeddable":true,"href":"https:\/\/aecondeixa.pt\/index.php?rest_route=\/wp\/v2\/users\/1"}],"replies":[{"embeddable":true,"href":"https:\/\/aecondeixa.pt\/index.php?rest_route=%2Fwp%2Fv2%2Fcomments&post=2620"}],"version-history":[{"count":20,"href":"https:\/\/aecondeixa.pt\/index.php?rest_route=\/wp\/v2\/pages\/2620\/revisions"}],"predecessor-version":[{"id":2931,"href":"https:\/\/aecondeixa.pt\/index.php?rest_route=\/wp\/v2\/pages\/2620\/revisions\/2931"}],"wp:attachment":[{"href":"https:\/\/aecondeixa.pt\/index.php?rest_route=%2Fwp%2Fv2%2Fmedia&parent=2620"}],"curies":[{"name":"wp","href":"https:\/\/api.w.org\/{rel}","templated":true}]}}