{"id":646,"date":"2024-01-24T01:45:43","date_gmt":"2024-01-24T01:45:43","guid":{"rendered":"http:\/\/localhost\/wordpress\/?page_id=646"},"modified":"2024-04-13T12:20:50","modified_gmt":"2024-04-13T12:20:50","slug":"horarios","status":"publish","type":"page","link":"https:\/\/aecondeixa.pt\/?page_id=646","title":{"rendered":"Horarios"},"content":{"rendered":"<div class=\"\" style=\"\" >\n  \n    \n    <section class=\"u-align-center u-clearfix u-section-2\" id=\"sec-5bc0\">\n      <div class=\"u-clearfix u-sheet u-sheet-1\">\n        <h2 class=\"u-text u-text-default u-text-1\"> Escola Secund\u00e1ria Fernando Namora<\/h2>\n      <\/div>\n    <\/section>\n    <section class=\"u-clearfix u-image u-shading u-section-3\" id=\"carousel_2a86\" data-image-width=\"150\" data-image-height=\"120\" style=\"background-image: linear-gradient(0deg, rgba(0, 0, 0, 0.35), rgba(0, 0, 0, 0.35)), url(&quot;https:\/\/aecondeixa.pt\/wp-content\/uploads\/2024\/01\/escolasecundaria-3.png&quot;);\">\n      <div class=\"u-clearfix u-sheet u-sheet-1\">\n        <h1 class=\"u-align-center u-text u-text-body-alt-color u-text-1\" data-animation-name=\"customAnimationIn\" data-animation-duration=\"1500\" data-animation-delay=\"250\">Hor\u00e1rios<\/h1>\n        <div class=\"u-expanded-width u-list u-list-1\">\n          <div class=\"u-repeater u-repeater-1\">\n            <div class=\"u-align-left u-container-style u-list-item u-repeater-item u-white u-list-item-1\" data-animation-name=\"customAnimationIn\" data-animation-duration=\"1500\" data-animation-delay=\"500\">\n              <div class=\"u-container-layout u-similar-container u-container-layout-1\"><span class=\"u-align-center u-file-icon u-icon u-icon-1\"><img decoding=\"async\" src=\"https:\/\/aecondeixa.pt\/wp-content\/uploads\/2024\/03\/2706950.png\" alt=\"\"><\/span>\n                <h6 class=\"u-align-center u-text u-text-grey-80 u-text-2\">Secretaria<br>\n                  <br>\n                  <br>\n                <\/h6>\n                <h6 class=\"u-align-center u-text u-text-3\"> Todos os dias, exceto 4\u00aafeira<br>9:00 \u2013 16:30<br>\n                  <br>4\u00aafeira<br>9:00 \u2013 17:00<br>\n                  <br>M\u00eas de agosto<br>9:00 \u2013 13:00 14:00 \u2013 16:30<br>\n                <\/h6>\n              <\/div>\n            <\/div>\n            <div class=\"u-align-left u-container-style u-list-item u-repeater-item u-video-cover u-white u-list-item-2\" data-animation-name=\"customAnimationIn\" data-animation-duration=\"1500\" data-animation-delay=\"500\">\n              <div class=\"u-container-layout u-similar-container u-container-layout-2\"><span class=\"u-align-center u-file-icon u-icon u-icon-2\"><img decoding=\"async\" src=\"https:\/\/aecondeixa.pt\/wp-content\/uploads\/2024\/03\/9746243.png\" alt=\"\"><\/span>\n                <h6 class=\"u-align-center u-text u-text-grey-80 u-text-4\">Reprografia Papelaria<br>\n                  <br>\n                <\/h6>\n                <h6 class=\"u-align-center u-text u-text-5\"> Todos os dias<br> 08:15 \u2013 12:20<br>\n                  <br>14:00 \u2013 16:30\n                <\/h6>\n              <\/div>\n            <\/div>\n            <div class=\"u-align-left u-container-style u-list-item u-repeater-item u-video-cover u-white u-list-item-3\" data-animation-name=\"customAnimationIn\" data-animation-duration=\"1500\" data-animation-delay=\"500\">\n              <div class=\"u-container-layout u-similar-container u-container-layout-3\"><span class=\"u-align-center u-file-icon u-icon u-icon-3\"><img decoding=\"async\" src=\"https:\/\/aecondeixa.pt\/wp-content\/uploads\/2024\/03\/2447617.png\" alt=\"\"><\/span>\n                <h6 class=\"u-align-center u-text u-text-grey-80 u-text-6\"> Bar<br>\n                  <br>\n                  <br>\n                <\/h6>\n                <h6 class=\"u-align-center u-text u-text-7\"> Todos os dias, exceto 4\u00aafeira<br>08:15 \u2013 11:55<br>13:45 \u2013 16:05<br>\n                  <br>4\u00aafeira<br>08:15 \u2013 11:55<br>13:45 \u2013 15:00\n                <\/h6>\n              <\/div>\n            <\/div>\n            <div class=\"u-align-left u-container-style u-list-item u-repeater-item u-video-cover u-white u-list-item-4\" data-animation-name=\"customAnimationIn\" data-animation-duration=\"1500\" data-animation-delay=\"500\">\n              <div class=\"u-container-layout u-similar-container u-container-layout-4\"><span class=\"u-align-center u-file-icon u-icon u-icon-4\"><img decoding=\"async\" src=\"https:\/\/aecondeixa.pt\/wp-content\/uploads\/2024\/03\/1830839.png\" alt=\"\"><\/span>\n                <h6 class=\"u-align-center u-text u-text-grey-80 u-text-8\"> Refeit\u00f3rio<br>\n                  <br>\n                  <br>\n                <\/h6>\n                <h6 class=\"u-align-center u-text u-text-9\"> Todos os dias<br>12:15 \u2013 14:00\n                <\/h6>\n              <\/div>\n            <\/div>\n            <div class=\"u-align-left u-container-style u-list-item u-repeater-item u-video-cover u-white u-list-item-5\" data-animation-name=\"customAnimationIn\" data-animation-duration=\"1500\" data-animation-delay=\"500\">\n              <div class=\"u-container-layout u-similar-container u-container-layout-5\"><span class=\"u-align-center u-file-icon u-icon u-icon-5\"><img decoding=\"async\" src=\"https:\/\/aecondeixa.pt\/wp-content\/uploads\/2024\/03\/7829198-1.png\" alt=\"\"><\/span>\n                <h6 class=\"u-align-center u-text u-text-grey-80 u-text-10\"> Servi\u00e7o de Psicologia&nbsp;e Orienta\u00e7\u00e3o<\/h6>\n                <h6 class=\"u-align-center u-text u-text-11\"> Todos os dias<br> 09:30 \u2013 13:30<br>14:30 \u2013 17:30\n                <\/h6>\n              <\/div>\n            <\/div>\n            <div class=\"u-align-left u-container-style u-list-item u-repeater-item u-video-cover u-white u-list-item-6\" data-animation-name=\"customAnimationIn\" data-animation-duration=\"1500\" data-animation-delay=\"500\">\n              <div class=\"u-container-layout u-similar-container u-container-layout-6\"><span class=\"u-align-center u-file-icon u-icon u-icon-6\"><img decoding=\"async\" src=\"https:\/\/aecondeixa.pt\/wp-content\/uploads\/2024\/03\/921356.png\" alt=\"\"><\/span>\n                <h6 class=\"u-align-center u-text u-text-grey-80 u-text-12\"> Servi\u00e7o Social<br>\n                  <br>\n                <\/h6>\n                <h6 class=\"u-align-center u-text u-text-13\"> 3\u00aa Feira<br>&nbsp;09:30 \u2013 16:30<br>e<br>6\u00aa Feira<br>&nbsp;\u200b09:30 \u2013 16:30\n                <\/h6>\n              <\/div>\n            <\/div>\n          <\/div>\n        <\/div>\n      <\/div>\n    <\/section>\n    <section class=\"u-align-center u-clearfix u-section-4\" id=\"sec-3b1c\">\n      <div class=\"u-clearfix u-sheet u-valign-middle u-sheet-1\">\n        <h2 class=\"u-text u-text-default u-text-1\"> Escola B\u00e1sica N\u00ba. 2 de Condeixa-a-Nova<\/h2>\n      <\/div>\n    <\/section>\n    <section class=\"u-clearfix u-image u-shading u-section-5\" id=\"sec-90ad\" data-image-width=\"150\" data-image-height=\"120\" style=\"background-image: linear-gradient(0deg, rgba(0, 0, 0, 0.35), rgba(0, 0, 0, 0.35)), url(&quot;https:\/\/aecondeixa.pt\/wp-content\/uploads\/2024\/01\/escolabasica2.png&quot;);\">\n      <div class=\"u-clearfix u-sheet u-sheet-1\">\n        <h1 class=\"u-align-center u-text u-text-body-alt-color u-text-default u-text-1\" data-animation-name=\"customAnimationIn\" data-animation-duration=\"1500\" data-animation-delay=\"250\">Hor\u00e1rios<\/h1>\n        <div class=\"u-expanded-width u-list u-list-1\">\n          <div class=\"u-repeater u-repeater-1\">\n            <div class=\"u-align-left u-container-style u-list-item u-repeater-item u-white u-list-item-1\" data-animation-name=\"customAnimationIn\" data-animation-duration=\"1500\" data-animation-delay=\"500\">\n              <div class=\"u-container-layout u-similar-container u-container-layout-1\"><span class=\"u-align-center u-file-icon u-icon u-icon-1\"><img decoding=\"async\" src=\"https:\/\/aecondeixa.pt\/wp-content\/uploads\/2024\/03\/2706950-1.png\" alt=\"\"><\/span>\n                <h6 class=\"u-align-center u-text u-text-grey-80 u-text-2\">Secretaria<br>\n                  <br>\n                  <br>\n                <\/h6>\n                <h6 class=\"u-align-center u-text u-text-3\"> Todos os dias, exceto 4\u00aafeira<br> 9:00 \u2013 13:00 14:00 \u2013 16:30<br>\n                  <br>4\u00aafeira<br> 9:00 \u2013 13:00 14:00 \u2013 17:00<br>\n                  <br>M\u00eas de agosto<br> 9:00 \u2013 13:00 14:00 \u2013 16:30<br>\n                <\/h6>\n              <\/div>\n            <\/div>\n            <div class=\"u-align-left u-container-style u-list-item u-repeater-item u-video-cover u-white u-list-item-2\" data-animation-name=\"customAnimationIn\" data-animation-duration=\"1500\" data-animation-delay=\"500\">\n              <div class=\"u-container-layout u-similar-container u-container-layout-2\"><span class=\"u-align-center u-file-icon u-icon u-icon-2\"><img decoding=\"async\" src=\"https:\/\/aecondeixa.pt\/wp-content\/uploads\/2024\/03\/9746243-1.png\" alt=\"\"><\/span>\n                <h6 class=\"u-align-center u-text u-text-grey-80 u-text-4\">Reprografia Papelaria<br>\n                  <br>\n                <\/h6>\n                <h6 class=\"u-align-center u-text u-text-5\"> Todos os dias<br> 08:20 \u2013 12:20<br>\n                  <br>14:05 \u2013 16:05\n                <\/h6>\n              <\/div>\n            <\/div>\n            <div class=\"u-align-left u-container-style u-list-item u-repeater-item u-video-cover u-white u-list-item-3\" data-animation-name=\"customAnimationIn\" data-animation-duration=\"1500\" data-animation-delay=\"500\">\n              <div class=\"u-container-layout u-similar-container u-container-layout-3\"><span class=\"u-align-center u-file-icon u-icon u-icon-3\"><img decoding=\"async\" src=\"https:\/\/aecondeixa.pt\/wp-content\/uploads\/2024\/03\/2447617-1.png\" alt=\"\"><\/span>\n                <h6 class=\"u-align-center u-text u-text-grey-80 u-text-6\"> Bar<br>\n                  <br>\n                  <br>\n                <\/h6>\n                <h6 class=\"u-align-center u-text u-text-7\"> Todos os dias, exceto 4\u00aafeira<br>08:15 \u2013 11:55<br>13:45 \u2013 16:05<br>\n                  <br>4\u00aafeira<br>08:15 \u2013 11:55<br>13:45 \u2013 15:00\n                <\/h6>\n              <\/div>\n            <\/div>\n            <div class=\"u-align-left u-container-style u-list-item u-repeater-item u-video-cover u-white u-list-item-4\" data-animation-name=\"customAnimationIn\" data-animation-duration=\"1500\" data-animation-delay=\"500\">\n              <div class=\"u-container-layout u-similar-container u-container-layout-4\"><span class=\"u-align-center u-file-icon u-icon u-icon-4\"><img decoding=\"async\" src=\"https:\/\/aecondeixa.pt\/wp-content\/uploads\/2024\/03\/1830839-1.png\" alt=\"\"><\/span>\n                <h6 class=\"u-align-center u-text u-text-grey-80 u-text-8\"> Refeit\u00f3rio<br>\n                  <br>\n                  <br>\n                <\/h6>\n                <h6 class=\"u-align-center u-text u-text-9\"> Todos os dias<br>12:15 \u2013 14:00\n                <\/h6>\n              <\/div>\n            <\/div>\n            <div class=\"u-align-left u-container-style u-list-item u-repeater-item u-video-cover u-white u-list-item-5\" data-animation-name=\"customAnimationIn\" data-animation-duration=\"1500\" data-animation-delay=\"500\">\n              <div class=\"u-container-layout u-similar-container u-container-layout-5\"><span class=\"u-align-center u-file-icon u-icon u-icon-5\"><img decoding=\"async\" src=\"https:\/\/aecondeixa.pt\/wp-content\/uploads\/2024\/03\/7829198.png\" alt=\"\"><\/span>\n                <h6 class=\"u-align-center u-text u-text-grey-80 u-text-10\"> Servi\u00e7o de Psicologia&nbsp;e Orienta\u00e7\u00e3o<\/h6>\n                <h6 class=\"u-align-center u-text u-text-11\"> Todos os dias<br> 08:30 \u2013 12:00<br>13:00 \u2013 16:00<br>\n                  <br>Projecto Cantina 30 minutos\n                <\/h6>\n              <\/div>\n            <\/div>\n            <div class=\"u-align-left u-container-style u-list-item u-repeater-item u-video-cover u-white u-list-item-6\" data-animation-name=\"customAnimationIn\" data-animation-duration=\"1500\" data-animation-delay=\"500\">\n              <div class=\"u-container-layout u-similar-container u-container-layout-6\"><span class=\"u-align-center u-file-icon u-icon u-icon-6\"><img decoding=\"async\" src=\"https:\/\/aecondeixa.pt\/wp-content\/uploads\/2024\/03\/921356-1.png\" alt=\"\"><\/span>\n                <h6 class=\"u-align-center u-text u-text-grey-80 u-text-12\"> Servi\u00e7o Social<br>\n                  <br>\n                <\/h6>\n                <h6 class=\"u-align-center u-text u-text-13\"> 2\u00aa Feira<br>&nbsp;09:30 \u2013 16:30<br>\n                  <br> 4\u00aa Feira<br>&nbsp;e<br>5\u00aa Feira<br>&nbsp;\u200b09:30 \u2013 16:30\n                <\/h6>\n              <\/div>\n            <\/div>\n          <\/div>\n        <\/div>\n      <\/div>\n    <\/section>\n    <section class=\"u-clearfix u-section-6\" id=\"sec-4548\">\n      <div class=\"u-clearfix u-sheet u-sheet-1\"><\/div>\n    <\/section>\n    \n    \n    \n  \n<\/div>","protected":false},"excerpt":{"rendered":"<p>Escola Secund\u00e1ria Fernando Namora Hor\u00e1rios Secretaria Todos os dias, exceto 4\u00aafeira9:00 \u2013 16:30 4\u00aafeira9:00 \u2013 17:00 M\u00eas de agosto9:00 \u2013 [&hellip;]<\/p>\n","protected":false},"author":1,"featured_media":0,"parent":0,"menu_order":0,"comment_status":"closed","ping_status":"closed","template":"","meta":{"site-sidebar-layout":"default","site-content-layout":"","ast-site-content-layout":"default","site-content-style":"default","site-sidebar-style":"default","ast-global-header-display":"","ast-banner-title-visibility":"","ast-main-header-display":"","ast-hfb-above-header-display":"","ast-hfb-below-header-display":"","ast-hfb-mobile-header-display":"","site-post-title":"","ast-breadcrumbs-content":"","ast-featured-img":"","footer-sml-layout":"","ast-disable-related-posts":"","theme-transparent-header-meta":"","adv-header-id-meta":"","stick-header-meta":"","header-above-stick-meta":"","header-main-stick-meta":"","header-below-stick-meta":"","astra-migrate-meta-layouts":"default","ast-page-background-enabled":"default","ast-page-background-meta":{"desktop":{"background-color":"var(--ast-global-color-4)","background-image":"","background-repeat":"repeat","background-position":"center center","background-size":"auto","background-attachment":"scroll","background-type":"","background-media":"","overlay-type":"","overlay-color":"","overlay-opacity":"","overlay-gradient":""},"tablet":{"background-color":"","background-image":"","background-repeat":"repeat","background-position":"center center","background-size":"auto","background-attachment":"scroll","background-type":"","background-media":"","overlay-type":"","overlay-color":"","overlay-opacity":"","overlay-gradient":""},"mobile":{"background-color":"","background-image":"","background-repeat":"repeat","background-position":"center center","background-size":"auto","background-attachment":"scroll","background-type":"","background-media":"","overlay-type":"","overlay-color":"","overlay-opacity":"","overlay-gradient":""}},"ast-content-background-meta":{"desktop":{"background-color":"var(--ast-global-color-5)","background-image":"","background-repeat":"repeat","background-position":"center center","background-size":"auto","background-attachment":"scroll","background-type":"","background-media":"","overlay-type":"","overlay-color":"","overlay-opacity":"","overlay-gradient":""},"tablet":{"background-color":"var(--ast-global-color-5)","background-image":"","background-repeat":"repeat","background-position":"center center","background-size":"auto","background-attachment":"scroll","background-type":"","background-media":"","overlay-type":"","overlay-color":"","overlay-opacity":"","overlay-gradient":""},"mobile":{"background-color":"var(--ast-global-color-5)","background-image":"","background-repeat":"repeat","background-position":"center center","background-size":"auto","background-attachment":"scroll","background-type":"","background-media":"","overlay-type":"","overlay-color":"","overlay-opacity":"","overlay-gradient":""}},"footnotes":""},"class_list":["post-646","page","type-page","status-publish","hentry"],"_links":{"self":[{"href":"https:\/\/aecondeixa.pt\/index.php?rest_route=\/wp\/v2\/pages\/646","targetHints":{"allow":["GET"]}}],"collection":[{"href":"https:\/\/aecondeixa.pt\/index.php?rest_route=\/wp\/v2\/pages"}],"about":[{"href":"https:\/\/aecondeixa.pt\/index.php?rest_route=\/wp\/v2\/types\/page"}],"author":[{"embeddable":true,"href":"https:\/\/aecondeixa.pt\/index.php?rest_route=\/wp\/v2\/users\/1"}],"replies":[{"embeddable":true,"href":"https:\/\/aecondeixa.pt\/index.php?rest_route=%2Fwp%2Fv2%2Fcomments&post=646"}],"version-history":[{"count":5,"href":"https:\/\/aecondeixa.pt\/index.php?rest_route=\/wp\/v2\/pages\/646\/revisions"}],"predecessor-version":[{"id":1718,"href":"https:\/\/aecondeixa.pt\/index.php?rest_route=\/wp\/v2\/pages\/646\/revisions\/1718"}],"wp:attachment":[{"href":"https:\/\/aecondeixa.pt\/index.php?rest_route=%2Fwp%2Fv2%2Fmedia&parent=646"}],"curies":[{"name":"wp","href":"https:\/\/api.w.org\/{rel}","templated":true}]}}